CRAN Package Check Results for Package crispRdesignR

Last updated on 2021-09-27 23:50:36 CEST.

Flavor Version Tinstall Tcheck Ttotal Status Flags
r-devel-linux-x86_64-debian-clang 1.1.6 5.85 58.03 63.88 NOTE
r-devel-linux-x86_64-debian-gcc 1.1.6 5.34 43.97 49.31 NOTE
r-devel-linux-x86_64-fedora-clang 1.1.6 87.35 NOTE
r-devel-linux-x86_64-fedora-gcc 1.1.6 75.24 NOTE
r-devel-windows-x86_64 1.1.6 7.00 58.00 65.00 NOTE
r-devel-windows-x86_64-gcc10-UCRT 1.1.6 NOTE
r-patched-linux-x86_64 1.1.6 6.77 56.27 63.04 NOTE
r-patched-solaris-x86 1.1.6 110.40 NOTE
r-release-linux-x86_64 1.1.6 6.61 56.34 62.95 NOTE
r-release-macos-arm64 1.1.6 NOTE
r-release-macos-x86_64 1.1.6 NOTE
r-release-windows-ix86+x86_64 1.1.6 13.00 56.00 69.00 NOTE
r-oldrel-macos-x86_64 1.1.6 NOTE
r-oldrel-windows-ix86+x86_64 1.1.6 10.00 58.00 68.00 OK

Check Details

Version: 1.1.6
Check: LazyData
Result: NOTE
     'LazyData' is specified without a 'data' directory
Flavors: r-devel-linux-x86_64-debian-clang, r-devel-linux-x86_64-debian-gcc, r-devel-linux-x86_64-fedora-clang, r-devel-linux-x86_64-fedora-gcc, r-devel-windows-x86_64, r-devel-windows-x86_64-gcc10-UCRT, r-patched-linux-x86_64, r-patched-solaris-x86, r-release-linux-x86_64, r-release-macos-arm64, r-release-macos-x86_64, r-release-windows-ix86+x86_64

Version: 1.1.6
Check: dependencies in R code
Result: NOTE
    Namespaces in Imports field not imported from:
     ‘DT’ ‘gbm’
     All declared Imports should be used.
Flavors: r-devel-linux-x86_64-fedora-clang, r-devel-linux-x86_64-fedora-gcc, r-devel-windows-x86_64-gcc10-UCRT, r-patched-solaris-x86, r-release-macos-arm64, r-release-macos-x86_64, r-oldrel-macos-x86_64

Version: 1.1.6
Check: package dependencies
Result: NOTE
    Package suggested but not available for checking: ‘BSgenome.Scerevisiae.UCSC.sacCer2’
Flavors: r-patched-solaris-x86, r-release-macos-arm64, r-release-macos-x86_64, r-oldrel-macos-x86_64