CRAN Package Check Results for Package crop

Last updated on 2023-02-07 02:56:46 CET.

Flavor Version Tinstall Tcheck Ttotal Status Flags
r-devel-linux-x86_64-debian-clang 0.0-2 1.40 19.96 21.36 NOTE
r-devel-linux-x86_64-debian-gcc 0.0-2 1.48 16.11 17.59 NOTE
r-devel-linux-x86_64-fedora-clang 0.0-2 29.27 NOTE
r-devel-linux-x86_64-fedora-gcc 0.0-2 28.24 NOTE
r-devel-windows-x86_64 0.0-2 11.00 46.00 57.00 OK
r-patched-linux-x86_64 0.0-2 1.22 20.63 21.85 NOTE
r-release-linux-x86_64 0.0-2 1.68 21.38 23.06 NOTE
r-release-macos-arm64 0.0-2 14.00 OK
r-release-macos-x86_64 0.0-2 19.00 OK
r-release-windows-x86_64 0.0-2 5.00 40.00 45.00 OK
r-oldrel-macos-arm64 0.0-2 26.00 OK
r-oldrel-macos-x86_64 0.0-2 24.00 OK
r-oldrel-windows-ix86+x86_64 0.0-2 4.00 23.00 27.00 OK

Check Details

Version: 0.0-2
Check: for non-standard things in the check directory
Result: NOTE
    Found the following files/directories:
     ‘crop.eps’ ‘crop.pdf’ ‘crop.png’ ‘crop.ps’
Flavors: r-devel-linux-x86_64-debian-clang, r-devel-linux-x86_64-debian-gcc, r-devel-linux-x86_64-fedora-clang, r-devel-linux-x86_64-fedora-gcc, r-patched-linux-x86_64, r-release-linux-x86_64