CRAN Package Check Results for Package cropZoning

Last updated on 2021-04-12 20:47:36 CEST.

Flavor Version Tinstall Tcheck Ttotal Status Flags
r-devel-linux-x86_64-debian-clang 1.0.1 10.51 100.41 110.92 NOTE
r-devel-linux-x86_64-debian-gcc 1.0.1 9.88 72.23 82.11 NOTE
r-devel-linux-x86_64-fedora-clang 1.0.1 143.64 NOTE
r-devel-linux-x86_64-fedora-gcc 1.0.1 128.46 NOTE
r-devel-windows-ix86+x86_64 1.0.1 26.00 112.00 138.00 NOTE
r-devel-windows-x86_64-gcc10-UCRT 1.0.1 NOTE
r-patched-linux-x86_64 1.0.1 9.80 89.49 99.29 OK
r-patched-solaris-x86 1.0.1 196.90 OK
r-release-linux-x86_64 1.0.1 11.83 87.54 99.37 OK
r-release-macos-x86_64 1.0.1 OK
r-release-windows-ix86+x86_64 1.0.1 27.00 109.00 136.00 OK
r-oldrel-macos-x86_64 1.0.1 OK
r-oldrel-windows-ix86+x86_64 1.0.1 16.00 79.00 95.00 OK

Check Details

Version: 1.0.1
Check: LazyData
Result: NOTE
     'LazyData' is specified without a 'data' directory
Flavors: r-devel-linux-x86_64-debian-clang, r-devel-linux-x86_64-debian-gcc, r-devel-linux-x86_64-fedora-clang, r-devel-linux-x86_64-fedora-gcc, r-devel-windows-ix86+x86_64, r-devel-windows-x86_64-gcc10-UCRT