Last updated on 2022-05-16 15:53:10 CEST.
Flavor | Version | Tinstall | Tcheck | Ttotal | Status | Flags |
---|---|---|---|---|---|---|
r-devel-linux-x86_64-debian-clang | 1.0.0 | 2.04 | 30.81 | 32.85 | OK | |
r-devel-linux-x86_64-debian-gcc | 1.0.0 | 1.54 | 24.06 | 25.60 | OK | |
r-devel-linux-x86_64-fedora-clang | 1.0.0 | 40.87 | NOTE | |||
r-devel-linux-x86_64-fedora-gcc | 1.0.0 | 38.57 | NOTE | |||
r-devel-windows-x86_64 | 1.0.0 | 15.00 | 45.00 | 60.00 | OK | |
r-patched-linux-x86_64 | 1.0.0 | 1.57 | 29.86 | 31.43 | OK | |
r-release-linux-x86_64 | 1.0.0 | 1.62 | 30.25 | 31.87 | OK | |
r-release-macos-arm64 | 1.0.0 | 16.00 | NOTE | |||
r-release-macos-x86_64 | 1.0.0 | 20.00 | NOTE | |||
r-release-windows-x86_64 | 1.0.0 | 5.00 | 43.00 | 48.00 | OK | |
r-oldrel-macos-arm64 | 1.0.0 | 25.00 | NOTE | |||
r-oldrel-macos-x86_64 | 1.0.0 | 30.00 | NOTE | |||
r-oldrel-windows-ix86+x86_64 | 1.0.0 | 4.00 | 25.00 | 29.00 | OK |
Version: 1.0.0
Check: data for non-ASCII characters
Result: NOTE
Note: found 3 marked UTF-8 strings
Flavors: r-devel-linux-x86_64-fedora-clang, r-devel-linux-x86_64-fedora-gcc, r-release-macos-arm64, r-release-macos-x86_64, r-oldrel-macos-arm64, r-oldrel-macos-x86_64