CRAN Package Check Results for Package crossdes

Last updated on 2019-03-19 04:48:18 CET.

Flavor Version Tinstall Tcheck Ttotal Status Flags
r-devel-linux-x86_64-debian-clang 1.1-1 2.65 24.93 27.58 NOTE
r-devel-linux-x86_64-debian-gcc 1.1-1 2.05 20.02 22.07 NOTE
r-devel-linux-x86_64-fedora-clang 1.1-1 33.11 NOTE
r-devel-linux-x86_64-fedora-gcc 1.1-1 31.24 NOTE
r-devel-windows-ix86+x86_64 1.1-1 8.00 49.00 57.00 NOTE
r-patched-linux-x86_64 1.1-1 1.52 22.42 23.94 NOTE
r-patched-solaris-x86 1.1-1 44.80 NOTE
r-release-linux-x86_64 1.1-1 1.77 22.42 24.19 NOTE
r-release-windows-ix86+x86_64 1.1-1 4.00 34.00 38.00 NOTE
r-release-osx-x86_64 1.1-1 NOTE
r-oldrel-windows-ix86+x86_64 1.1-1 3.00 35.00 38.00 NOTE
r-oldrel-osx-x86_64 1.1-1 NOTE

Check Details

Version: 1.1-1
Check: R code for possible problems
Result: NOTE
    get.plan: no visible global function definition for 'menu'
    Undefined global functions or variables:
     menu
    Consider adding
     importFrom("utils", "menu")
    to your NAMESPACE file.
Flavors: r-devel-linux-x86_64-debian-clang, r-devel-linux-x86_64-debian-gcc, r-devel-linux-x86_64-fedora-clang, r-devel-linux-x86_64-fedora-gcc, r-devel-windows-ix86+x86_64, r-patched-linux-x86_64, r-patched-solaris-x86, r-release-linux-x86_64, r-release-windows-ix86+x86_64, r-release-osx-x86_64, r-oldrel-windows-ix86+x86_64, r-oldrel-osx-x86_64