CRAN Package Check Results for Package crossdes

Last updated on 2019-05-22 18:51:37 CEST.

Flavor Version Tinstall Tcheck Ttotal Status Flags
r-devel-linux-x86_64-debian-clang 1.1-1 2.14 24.56 26.70 NOTE
r-devel-linux-x86_64-debian-gcc 1.1-1 2.10 20.00 22.10 NOTE
r-devel-linux-x86_64-fedora-clang 1.1-1 32.39 NOTE
r-devel-linux-x86_64-fedora-gcc 1.1-1 31.22 NOTE
r-devel-windows-ix86+x86_64 1.1-1 8.00 50.00 58.00 NOTE
r-patched-linux-x86_64 1.1-1 2.21 25.02 27.23 NOTE
r-patched-solaris-x86 1.1-1 49.90 NOTE
r-release-linux-x86_64 1.1-1 2.32 24.69 27.01 NOTE
r-release-windows-ix86+x86_64 1.1-1 10.00 36.00 46.00 NOTE
r-release-osx-x86_64 1.1-1 NOTE
r-oldrel-windows-ix86+x86_64 1.1-1 4.00 34.00 38.00 NOTE
r-oldrel-osx-x86_64 1.1-1 NOTE

Check Details

Version: 1.1-1
Check: R code for possible problems
Result: NOTE
    get.plan: no visible global function definition for 'menu'
    Undefined global functions or variables:
     menu
    Consider adding
     importFrom("utils", "menu")
    to your NAMESPACE file.
Flavors: r-devel-linux-x86_64-debian-clang, r-devel-linux-x86_64-debian-gcc, r-devel-linux-x86_64-fedora-clang, r-devel-linux-x86_64-fedora-gcc, r-devel-windows-ix86+x86_64, r-patched-linux-x86_64, r-patched-solaris-x86, r-release-linux-x86_64, r-release-windows-ix86+x86_64, r-release-osx-x86_64, r-oldrel-windows-ix86+x86_64, r-oldrel-osx-x86_64