CRAN Package Check Results for Package crossmatch

Last updated on 2018-10-19 13:50:54 CEST.

Flavor Version Tinstall Tcheck Ttotal Status Flags
r-devel-linux-x86_64-debian-clang 1.3-1 7.45 93.59 101.04 NOTE
r-devel-linux-x86_64-debian-gcc 1.3-1 5.08 71.14 76.22 NOTE
r-devel-linux-x86_64-fedora-clang 1.3-1 120.12 NOTE
r-devel-linux-x86_64-fedora-gcc 1.3-1 115.56 NOTE
r-devel-windows-ix86+x86_64 1.3-1 21.00 134.00 155.00 NOTE
r-patched-linux-x86_64 1.3-1 4.79 71.15 75.94 NOTE
r-patched-solaris-x86 1.3-1 141.10 NOTE
r-release-linux-x86_64 1.3-1 6.25 70.70 76.95 NOTE
r-release-windows-ix86+x86_64 1.3-1 20.00 122.00 142.00 WARN
r-release-osx-x86_64 1.3-1 NOTE
r-oldrel-windows-ix86+x86_64 1.3-1 16.00 125.00 141.00 NOTE
r-oldrel-osx-x86_64 1.3-1 NOTE

Check Details

Version: 1.3-1
Check: dependencies in R code
Result: NOTE
    Package in Depends field not imported from: ‘survival’
     These packages need to be imported from (in the NAMESPACE file)
     for when this namespace is loaded but not attached.
Flavors: r-devel-linux-x86_64-debian-clang, r-devel-linux-x86_64-debian-gcc, r-devel-linux-x86_64-fedora-clang, r-devel-linux-x86_64-fedora-gcc, r-devel-windows-ix86+x86_64, r-patched-linux-x86_64, r-patched-solaris-x86, r-release-linux-x86_64, r-release-windows-ix86+x86_64, r-release-osx-x86_64, r-oldrel-windows-ix86+x86_64, r-oldrel-osx-x86_64

Version: 1.3-1
Check: R code for possible problems
Result: NOTE
    crossmatchtest: no visible global function definition for ‘pnorm’
    Undefined global functions or variables:
     pnorm
    Consider adding
     importFrom("stats", "pnorm")
    to your NAMESPACE file.
Flavors: r-devel-linux-x86_64-debian-clang, r-devel-linux-x86_64-debian-gcc, r-devel-linux-x86_64-fedora-clang, r-devel-linux-x86_64-fedora-gcc, r-devel-windows-ix86+x86_64, r-patched-linux-x86_64, r-patched-solaris-x86, r-release-linux-x86_64, r-release-windows-ix86+x86_64, r-release-osx-x86_64, r-oldrel-windows-ix86+x86_64, r-oldrel-osx-x86_64

Version: 1.3-1
Check: Rd line widths
Result: NOTE
    Rd file 'crossmatch-package.Rd':
     \examples lines wider than 100 characters:
     c(0.03,0.11,0.16,-0.1,-0.05,0.16,0.12,0.4,0.04,0.71,0.01,0.21,-0.18,-0.08 ,-0.35,0.26,-0.6,-1.0))
    
    Rd file 'crossmatchtest.Rd':
     \examples lines wider than 100 characters:
     c(0.03,0.11,0.16,-0.1,-0.05,0.16,0.12,0.4,0.04,0.71,0.01,0.21,-0.18,-0.08 ,-0.35,0.26,-0.6,-1.0))
    
    These lines will be truncated in the PDF manual.
Flavors: r-devel-linux-x86_64-debian-clang, r-devel-linux-x86_64-debian-gcc, r-devel-linux-x86_64-fedora-clang, r-devel-linux-x86_64-fedora-gcc, r-patched-linux-x86_64, r-release-linux-x86_64

Version: 1.3-1
Check: whether package can be installed
Result: WARN
    Found the following significant warnings:
     Warning: S3 methods '[.fun_list', '[.grouped_df', 'all.equal.tbl_df', 'anti_join.data.frame', 'anti_join.tbl_df', 'arrange.data.frame', 'arrange.default', 'arrange.grouped_df', 'arrange.tbl_df', 'arrange_.data.frame', 'arrange_.tbl_df', 'as.data.frame.grouped_df', 'as.data.frame.rowwise_df', 'as.data.frame.tbl_cube', 'as.data.frame.tbl_df', 'as.table.tbl_cube', 'as.tbl.data.frame', 'as.tbl.tbl', 'as.tbl_cube.array', 'as.tbl_cube.data.frame', 'as.tbl_cube.matrix', 'as.tbl_cube.table', 'as_data_frame.grouped_df', 'as_data_frame.tbl_cube', 'auto_copy.tbl_cube', 'auto_copy.tbl_df', 'cbind.grouped_df', 'collapse.data.frame', 'collect.data.frame', 'common_by.NULL', 'common_by.character', 'common_by.default', 'common_by.list', 'compute.data.frame', 'copy_to.DBIConnection', 'copy_to.src_local', 'default_missing.data.frame', 'default_missing.default', 'dim.tbl_cube', 'distinct.data.frame', 'distinct.default', 'distinct.grouped_df', 'distinct.tbl_df', 'distinct_.data.frame', 'distinct_.grouped_df', 'dist [... truncated]
Flavor: r-release-windows-ix86+x86_64