CRAN Package Check Results for Package crossnma

Last updated on 2022-07-07 08:53:13 CEST.

Flavor Version Tinstall Tcheck Ttotal Status Flags
r-devel-linux-x86_64-debian-clang 1.0.1 20.61 376.05 396.66 OK
r-devel-linux-x86_64-debian-gcc 1.0.1 13.15 279.14 292.29 OK
r-devel-linux-x86_64-fedora-clang 1.0.1 467.11 OK
r-devel-linux-x86_64-fedora-gcc 1.0.1 457.94 OK
r-devel-windows-x86_64 1.0.1 32.00 449.00 481.00 OK
r-patched-linux-x86_64 1.0.1 23.92 354.02 377.94 OK
r-release-linux-x86_64 1.0.1 16.11 350.91 367.02 OK
r-release-macos-arm64 1.0.1 120.00 OK
r-release-macos-x86_64 1.0.1 167.00 OK
r-release-windows-x86_64 1.0.1 32.00 452.00 484.00 OK
r-oldrel-macos-arm64 1.0.1 128.00 OK
r-oldrel-macos-x86_64 1.0.1 152.00 OK
r-oldrel-windows-ix86+x86_64 1.0.1 36.00 440.00 476.00 ERROR

Check Details

Version: 1.0.1
Check: PDF version of manual
Result: WARN
    LaTeX errors when creating PDF version.
    This typically indicates Rd problems.
    LaTeX errors found:
    ! Package inputenc Error: Unicode char â<c2><80><c2><90> (U+2010)
    (inputenc) not set up for use with LaTeX.
    
    See the inputenc package documentation for explanation.
    Type H <return> for immediate help.
    ! Package inputenc Error: Unicode char â<c2><80><c2><90> (U+2010)
    (inputenc) not set up for use with LaTeX.
    
    See the inputenc package documentation for explanation.
    Type H <return> for immediate help.
Flavor: r-oldrel-windows-ix86+x86_64

Version: 1.0.1
Check: PDF version of manual without hyperrefs or index
Result: ERROR
Flavor: r-oldrel-windows-ix86+x86_64