CRAN Package Check Results for Package crossrun

Last updated on 2020-11-28 10:47:51 CET.

Flavor Version Tinstall Tcheck Ttotal Status Flags
r-devel-linux-x86_64-debian-clang 0.1.0 3.56 48.30 51.86 NOTE
r-devel-linux-x86_64-debian-gcc 0.1.0 2.36 34.37 36.73 NOTE
r-devel-linux-x86_64-fedora-clang 0.1.0 67.00 OK
r-devel-linux-x86_64-fedora-gcc 0.1.0 55.88 OK
r-devel-windows-ix86+x86_64 0.1.0 7.00 58.00 65.00 NOTE
r-patched-linux-x86_64 0.1.0 3.63 45.98 49.61 NOTE
r-patched-solaris-x86 0.1.0 74.70 OK
r-release-linux-x86_64 0.1.0 3.45 45.46 48.91 NOTE
r-release-macos-x86_64 0.1.0 OK
r-release-windows-ix86+x86_64 0.1.0 7.00 47.00 54.00 NOTE
r-oldrel-macos-x86_64 0.1.0 OK
r-oldrel-windows-ix86+x86_64 0.1.0 5.00 62.00 67.00 OK

Check Details

Version: 0.1.0
Check: package vignettes
Result: NOTE
    Package vignette with placeholder title 'Vignette Title':
     'vignettecrossrun.Rmd'
Flavors: r-devel-linux-x86_64-debian-clang, r-devel-linux-x86_64-debian-gcc, r-devel-windows-ix86+x86_64, r-patched-linux-x86_64, r-release-linux-x86_64, r-release-windows-ix86+x86_64