CRAN Package Check Results for Package crossrun

Last updated on 2020-09-19 10:48:02 CEST.

Flavor Version Tinstall Tcheck Ttotal Status Flags
r-devel-linux-x86_64-debian-clang 0.1.0 2.89 45.03 47.92 NOTE
r-devel-linux-x86_64-debian-gcc 0.1.0 2.18 33.26 35.44 NOTE
r-devel-linux-x86_64-fedora-clang 0.1.0 64.77 OK
r-devel-linux-x86_64-fedora-gcc 0.1.0 57.52 OK
r-devel-windows-ix86+x86_64 0.1.0 7.00 63.00 70.00 NOTE
r-patched-linux-x86_64 0.1.0 3.31 43.23 46.54 NOTE
r-patched-solaris-x86 0.1.0 80.50 OK
r-release-linux-x86_64 0.1.0 2.58 43.32 45.90 NOTE
r-release-macos-x86_64 0.1.0 OK
r-release-windows-ix86+x86_64 0.1.0 6.00 66.00 72.00 NOTE
r-oldrel-macos-x86_64 0.1.0 OK
r-oldrel-windows-ix86+x86_64 0.1.0 5.00 63.00 68.00 OK

Check Details

Version: 0.1.0
Check: package vignettes
Result: NOTE
    Package vignette with placeholder title 'Vignette Title':
     'vignettecrossrun.Rmd'
Flavors: r-devel-linux-x86_64-debian-clang, r-devel-linux-x86_64-debian-gcc, r-devel-windows-ix86+x86_64, r-patched-linux-x86_64, r-release-linux-x86_64, r-release-windows-ix86+x86_64