CRAN Package Check Results for Package crossword.r

Last updated on 2019-07-17 18:47:58 CEST.

Flavor Version Tinstall Tcheck Ttotal Status Flags
r-devel-linux-x86_64-debian-clang 0.3.6 2.80 20.54 23.34 OK
r-devel-linux-x86_64-debian-gcc 0.3.6 2.24 16.83 19.07 OK
r-devel-linux-x86_64-fedora-clang 0.3.6 28.18 NOTE
r-devel-linux-x86_64-fedora-gcc 0.3.6 26.60 NOTE
r-devel-windows-ix86+x86_64 0.3.6 6.00 35.00 41.00 OK
r-patched-linux-x86_64 0.3.6 2.86 20.24 23.10 OK
r-patched-solaris-x86 0.3.6 48.60 NOTE
r-release-linux-x86_64 0.3.6 2.59 20.50 23.09 OK
r-release-windows-ix86+x86_64 0.3.6 6.00 47.00 53.00 OK
r-release-osx-x86_64 0.3.6 NOTE
r-oldrel-windows-ix86+x86_64 0.3.6 4.00 48.00 52.00 OK
r-oldrel-osx-x86_64 0.3.6 NOTE

Check Details

Version: 0.3.6
Check: dependencies in R code
Result: NOTE
    Namespaces in Imports field not imported from:
     ‘R6’ ‘dplyr’ ‘r6extended’
     All declared Imports should be used.
Flavors: r-devel-linux-x86_64-fedora-clang, r-devel-linux-x86_64-fedora-gcc, r-patched-solaris-x86, r-release-osx-x86_64, r-oldrel-osx-x86_64