CRAN Package Check Results for Package crossword.r

Last updated on 2024-07-20 04:48:29 CEST.

Flavor Version Tinstall Tcheck Ttotal Status Flags
r-devel-linux-x86_64-debian-clang 0.3.6 3.56 27.29 30.85 NOTE
r-devel-linux-x86_64-debian-gcc 0.3.6 2.66 20.34 23.00 NOTE
r-devel-linux-x86_64-fedora-clang 0.3.6 38.11 NOTE
r-devel-linux-x86_64-fedora-gcc 0.3.6 35.56 NOTE
r-devel-windows-x86_64 0.3.6 4.00 42.00 46.00 NOTE
r-patched-linux-x86_64 0.3.6 6.70 25.12 31.82 NOTE
r-release-linux-x86_64 0.3.6 2.68 26.51 29.19 NOTE
r-release-macos-arm64 0.3.6 19.00 NOTE
r-release-macos-x86_64 0.3.6 24.00 NOTE
r-release-windows-x86_64 0.3.6 4.00 43.00 47.00 NOTE
r-oldrel-macos-arm64 0.3.6 18.00 NOTE
r-oldrel-macos-x86_64 0.3.6 24.00 NOTE
r-oldrel-windows-x86_64 0.3.6 5.00 42.00 47.00 NOTE

Check Details

Version: 0.3.6
Check: LazyData
Result: NOTE 'LazyData' is specified without a 'data' directory Flavors: r-devel-linux-x86_64-debian-clang, r-devel-linux-x86_64-debian-gcc, r-devel-linux-x86_64-fedora-clang, r-devel-linux-x86_64-fedora-gcc, r-devel-windows-x86_64, r-patched-linux-x86_64, r-release-linux-x86_64, r-release-macos-arm64, r-release-macos-x86_64, r-release-windows-x86_64, r-oldrel-macos-arm64, r-oldrel-macos-x86_64, r-oldrel-windows-x86_64

Version: 0.3.6
Check: dependencies in R code
Result: NOTE Namespaces in Imports field not imported from: ‘R6’ ‘dplyr’ ‘r6extended’ All declared Imports should be used. Flavors: r-devel-linux-x86_64-fedora-clang, r-devel-linux-x86_64-fedora-gcc

Version: 0.3.6
Check: Rd cross-references
Result: NOTE Found the following Rd file(s) with Rd \link{} targets missing package anchors: Crossword.Rd: R6Class Please provide package anchors for all Rd \link{} targets not in the package itself and the base packages. Flavor: r-devel-windows-x86_64