CRAN Package Check Results for Package crossword.r

Last updated on 2019-04-19 18:46:56 CEST.

Flavor Version Tinstall Tcheck Ttotal Status Flags
r-devel-linux-x86_64-debian-clang 0.3.6 2.22 20.50 22.72 OK
r-devel-linux-x86_64-debian-gcc 0.3.6 2.18 16.47 18.65 OK
r-devel-linux-x86_64-fedora-clang 0.3.6 27.70 NOTE
r-devel-linux-x86_64-fedora-gcc 0.3.6 26.43 NOTE
r-devel-windows-ix86+x86_64 0.3.6 8.00 46.00 54.00 OK
r-patched-linux-x86_64 0.3.6 2.36 20.49 22.85 OK
r-patched-solaris-x86 0.3.6 43.40 NOTE
r-release-linux-x86_64 0.3.6 2.16 19.33 21.49 OK
r-release-windows-ix86+x86_64 0.3.6 3.00 44.00 47.00 OK
r-release-osx-x86_64 0.3.6 NOTE
r-oldrel-windows-ix86+x86_64 0.3.6 5.00 44.00 49.00 OK
r-oldrel-osx-x86_64 0.3.6 NOTE

Check Details

Version: 0.3.6
Check: dependencies in R code
Result: NOTE
    Namespaces in Imports field not imported from:
     ‘R6’ ‘dplyr’ ‘r6extended’
     All declared Imports should be used.
Flavors: r-devel-linux-x86_64-fedora-clang, r-devel-linux-x86_64-fedora-gcc, r-patched-solaris-x86, r-release-osx-x86_64, r-oldrel-osx-x86_64