CRAN Package Check Results for Package crqa

Last updated on 2022-12-08 00:52:17 CET.

Flavor Version Tinstall Tcheck Ttotal Status Flags
r-devel-linux-x86_64-debian-clang 2.0.3 13.18 212.07 225.25 NOTE
r-devel-linux-x86_64-debian-gcc 2.0.3 10.02 142.83 152.85 NOTE
r-devel-linux-x86_64-fedora-clang 2.0.3 266.48 NOTE
r-devel-linux-x86_64-fedora-gcc 2.0.3 277.87 NOTE
r-devel-windows-x86_64 2.0.3 29.00 241.00 270.00 NOTE
r-patched-linux-x86_64 2.0.3 12.09 190.78 202.87 OK
r-release-linux-x86_64 2.0.3 12.63 187.68 200.31 OK
r-release-macos-arm64 2.0.3 105.00 OK
r-release-macos-x86_64 2.0.3 174.00 OK
r-release-windows-x86_64 2.0.3 30.00 243.00 273.00 OK
r-oldrel-macos-arm64 2.0.3 102.00 OK
r-oldrel-macos-x86_64 2.0.3 141.00 OK
r-oldrel-windows-ix86+x86_64 2.0.3 27.00 284.00 311.00 OK

Check Details

Version: 2.0.3
Check: package subdirectories
Result: NOTE
    Problems with news in 'NEWS.md':
     Cannot extract version info from the following section titles:
     Major features
     Minor features
Flavors: r-devel-linux-x86_64-debian-clang, r-devel-linux-x86_64-debian-gcc, r-devel-linux-x86_64-fedora-clang, r-devel-linux-x86_64-fedora-gcc, r-devel-windows-x86_64

Version: 2.0.3
Check: Rd files
Result: NOTE
    checkRd: (-1) handmovement.Rd:9: Escaped LaTeX specials: \_ \_
Flavors: r-devel-linux-x86_64-debian-clang, r-devel-linux-x86_64-debian-gcc, r-devel-linux-x86_64-fedora-clang, r-devel-linux-x86_64-fedora-gcc, r-devel-windows-x86_64