CRAN Package Check Results for Package crrp

Last updated on 2019-05-21 10:48:17 CEST.

Flavor Version Tinstall Tcheck Ttotal Status Flags
r-devel-linux-x86_64-debian-clang 1.0 8.19 54.02 62.21 NOTE
r-devel-linux-x86_64-debian-gcc 1.0 6.01 42.24 48.25 NOTE
r-devel-linux-x86_64-fedora-clang 1.0 74.64 NOTE
r-devel-linux-x86_64-fedora-gcc 1.0 72.58 NOTE
r-devel-windows-ix86+x86_64 1.0 25.00 110.00 135.00 NOTE
r-patched-linux-x86_64 1.0 8.09 53.57 61.66 NOTE
r-patched-solaris-x86 1.0 120.20 NOTE
r-release-linux-x86_64 1.0 8.44 54.14 62.58 NOTE
r-release-windows-ix86+x86_64 1.0 22.00 116.00 138.00 NOTE
r-release-osx-x86_64 1.0 NOTE
r-oldrel-windows-ix86+x86_64 1.0 11.00 84.00 95.00 NOTE
r-oldrel-osx-x86_64 1.0 NOTE

Additional issues

rchk

Check Details

Version: 1.0
Check: R code for possible problems
Result: NOTE
    crrp: no visible global function definition for 'approx'
    gcrrp: no visible global function definition for 'approx'
    Undefined global functions or variables:
     approx
    Consider adding
     importFrom("stats", "approx")
    to your NAMESPACE file.
Flavors: r-devel-linux-x86_64-debian-clang, r-devel-linux-x86_64-debian-gcc, r-devel-linux-x86_64-fedora-clang, r-devel-linux-x86_64-fedora-gcc, r-devel-windows-ix86+x86_64, r-patched-linux-x86_64, r-patched-solaris-x86, r-release-linux-x86_64, r-release-windows-ix86+x86_64, r-release-osx-x86_64, r-oldrel-windows-ix86+x86_64, r-oldrel-osx-x86_64

Version: 1.0
Check: compiled code
Result: NOTE
    File ‘crrp/libs/crrp.so’:
     Found no calls to: ‘R_registerRoutines’, ‘R_useDynamicSymbols’
    
    It is good practice to register native routines and to disable symbol
    search.
    
    See ‘Writing portable packages’ in the ‘Writing R Extensions’ manual.
Flavors: r-devel-linux-x86_64-fedora-clang, r-devel-linux-x86_64-fedora-gcc