CRAN Package Check Results for Package crrp

Last updated on 2019-03-18 20:48:17 CET.

Flavor Version Tinstall Tcheck Ttotal Status Flags
r-devel-linux-x86_64-debian-clang 1.0 8.51 54.68 63.19 NOTE
r-devel-linux-x86_64-debian-gcc 1.0 6.25 43.64 49.89 NOTE
r-devel-linux-x86_64-fedora-clang 1.0 76.46 NOTE
r-devel-linux-x86_64-fedora-gcc 1.0 72.06 NOTE
r-devel-windows-ix86+x86_64 1.0 21.00 115.00 136.00 NOTE
r-patched-linux-x86_64 1.0 5.06 52.34 57.40 NOTE
r-patched-solaris-x86 1.0 113.20 NOTE
r-release-linux-x86_64 1.0 5.45 52.12 57.57 NOTE
r-release-windows-ix86+x86_64 1.0 15.00 109.00 124.00 NOTE
r-release-osx-x86_64 1.0 NOTE
r-oldrel-windows-ix86+x86_64 1.0 18.00 109.00 127.00 NOTE
r-oldrel-osx-x86_64 1.0 NOTE

Additional issues

rchk

Check Details

Version: 1.0
Check: R code for possible problems
Result: NOTE
    crrp: no visible global function definition for 'approx'
    gcrrp: no visible global function definition for 'approx'
    Undefined global functions or variables:
     approx
    Consider adding
     importFrom("stats", "approx")
    to your NAMESPACE file.
Flavors: r-devel-linux-x86_64-debian-clang, r-devel-linux-x86_64-debian-gcc, r-devel-linux-x86_64-fedora-clang, r-devel-linux-x86_64-fedora-gcc, r-devel-windows-ix86+x86_64, r-patched-linux-x86_64, r-patched-solaris-x86, r-release-linux-x86_64, r-release-windows-ix86+x86_64, r-release-osx-x86_64, r-oldrel-windows-ix86+x86_64, r-oldrel-osx-x86_64

Version: 1.0
Check: compiled code
Result: NOTE
    File ‘crrp/libs/crrp.so’:
     Found no calls to: ‘R_registerRoutines’, ‘R_useDynamicSymbols’
    
    It is good practice to register native routines and to disable symbol
    search.
    
    See ‘Writing portable packages’ in the ‘Writing R Extensions’ manual.
Flavors: r-devel-linux-x86_64-fedora-clang, r-devel-linux-x86_64-fedora-gcc