CRAN Package Check Results for Package crrp

Last updated on 2019-07-17 18:47:58 CEST.

Flavor Version Tinstall Tcheck Ttotal Status Flags
r-devel-linux-x86_64-debian-clang 1.0 7.23 54.83 62.06 NOTE
r-devel-linux-x86_64-debian-gcc 1.0 6.42 43.77 50.19 NOTE
r-devel-linux-x86_64-fedora-clang 1.0 75.68 NOTE
r-devel-linux-x86_64-fedora-gcc 1.0 73.82 NOTE
r-devel-windows-ix86+x86_64 1.0 20.00 86.00 106.00 NOTE
r-patched-linux-x86_64 1.0 8.77 54.45 63.22 NOTE
r-patched-solaris-x86 1.0 125.60 NOTE
r-release-linux-x86_64 1.0 8.46 53.62 62.08 NOTE
r-release-windows-ix86+x86_64 1.0 16.00 264.00 280.00 NOTE
r-release-osx-x86_64 1.0 NOTE
r-oldrel-windows-ix86+x86_64 1.0 12.00 108.00 120.00 NOTE
r-oldrel-osx-x86_64 1.0 NOTE

Additional issues

rchk

Check Details

Version: 1.0
Check: R code for possible problems
Result: NOTE
    crrp: no visible global function definition for 'approx'
    gcrrp: no visible global function definition for 'approx'
    Undefined global functions or variables:
     approx
    Consider adding
     importFrom("stats", "approx")
    to your NAMESPACE file.
Flavors: r-devel-linux-x86_64-debian-clang, r-devel-linux-x86_64-debian-gcc, r-devel-linux-x86_64-fedora-clang, r-devel-linux-x86_64-fedora-gcc, r-devel-windows-ix86+x86_64, r-patched-linux-x86_64, r-patched-solaris-x86, r-release-linux-x86_64, r-release-windows-ix86+x86_64, r-release-osx-x86_64, r-oldrel-windows-ix86+x86_64, r-oldrel-osx-x86_64

Version: 1.0
Check: compiled code
Result: NOTE
    File ‘crrp/libs/crrp.so’:
     Found no calls to: ‘R_registerRoutines’, ‘R_useDynamicSymbols’
    
    It is good practice to register native routines and to disable symbol
    search.
    
    See ‘Writing portable packages’ in the ‘Writing R Extensions’ manual.
Flavors: r-devel-linux-x86_64-fedora-clang, r-devel-linux-x86_64-fedora-gcc