CRAN Package Check Results for Package crs

Last updated on 2019-03-23 09:47:45 CET.

Flavor Version Tinstall Tcheck Ttotal Status Flags
r-devel-linux-x86_64-debian-clang 0.15-31 214.65 168.46 383.11 OK
r-devel-linux-x86_64-debian-gcc 0.15-31 222.14 135.88 358.02 OK
r-devel-linux-x86_64-fedora-clang 0.15-31 583.97 NOTE
r-devel-linux-x86_64-fedora-gcc 0.15-31 535.82 OK
r-devel-windows-ix86+x86_64 0.15-31 508.00 185.00 693.00 NOTE --no-vignettes
r-patched-linux-x86_64 0.15-31 253.01 159.37 412.38 OK
r-patched-solaris-x86 0.15-31 588.60 OK
r-release-linux-x86_64 0.15-31 0.86 3.38 4.24 ERROR
r-release-windows-ix86+x86_64 0.15-31 399.00 169.00 568.00 NOTE --no-vignettes
r-release-osx-x86_64 0.15-31 NOTE
r-oldrel-windows-ix86+x86_64 0.15-31 518.00 222.00 740.00 NOTE --no-vignettes
r-oldrel-osx-x86_64 0.15-31 NOTE

Check Details

Version: 0.15-31
Check: installed package size
Result: NOTE
     installed size is 23.7Mb
     sub-directories of 1Mb or more:
     libs 22.0Mb
Flavors: r-devel-linux-x86_64-fedora-clang, r-release-osx-x86_64, r-oldrel-osx-x86_64

Version: 0.15-31
Flags: --no-vignettes
Check: installed package size
Result: NOTE
     installed size is 7.6Mb
     sub-directories of 1Mb or more:
     libs 5.9Mb
Flavors: r-devel-windows-ix86+x86_64, r-release-windows-ix86+x86_64, r-oldrel-windows-ix86+x86_64

Version: 0.15-31
Check: whether package can be installed
Result: ERROR
    Installation failed.
Flavor: r-release-linux-x86_64