CRAN Package Check Results for Package crs

Last updated on 2019-05-23 14:49:00 CEST.

Flavor Version Tinstall Tcheck Ttotal Status Flags
r-devel-linux-x86_64-debian-clang 0.15-31 206.31 170.80 377.11 OK
r-devel-linux-x86_64-debian-gcc 0.15-31 219.90 131.54 351.44 OK
r-devel-linux-x86_64-fedora-clang 0.15-31 588.83 NOTE
r-devel-linux-x86_64-fedora-gcc 0.15-31 537.29 OK
r-devel-windows-ix86+x86_64 0.15-31 403.00 231.00 634.00 NOTE --no-vignettes
r-patched-linux-x86_64 0.15-31 241.01 169.01 410.02 OK
r-patched-solaris-x86 0.15-31 879.50 NOTE
r-release-linux-x86_64 0.15-31 238.15 171.35 409.50 OK
r-release-windows-ix86+x86_64 0.15-31 540.00 173.00 713.00 NOTE --no-vignettes
r-release-osx-x86_64 0.15-31 WARN
r-oldrel-windows-ix86+x86_64 0.15-31 383.00 188.00 571.00 NOTE --no-vignettes
r-oldrel-osx-x86_64 0.15-31 NOTE

Check Details

Version: 0.15-31
Check: installed package size
Result: NOTE
     installed size is 23.4Mb
     sub-directories of 1Mb or more:
     libs 21.7Mb
Flavors: r-devel-linux-x86_64-fedora-clang, r-patched-solaris-x86, r-release-osx-x86_64, r-oldrel-osx-x86_64

Version: 0.15-31
Flags: --no-vignettes
Check: installed package size
Result: NOTE
     installed size is 7.6Mb
     sub-directories of 1Mb or more:
     libs 5.9Mb
Flavors: r-devel-windows-ix86+x86_64, r-release-windows-ix86+x86_64, r-oldrel-windows-ix86+x86_64

Version: 0.15-31
Check: whether package can be installed
Result: WARN
    Found the following significant warnings:
     Warning: 'rgl_init' failed, running with rgl.useNULL = TRUE
Flavor: r-release-osx-x86_64