CRAN Package Check Results for Package crseEventStudy

Last updated on 2019-04-25 15:53:52 CEST.

Flavor Version Tinstall Tcheck Ttotal Status Flags
r-devel-linux-x86_64-debian-clang 1.1 2.02 23.64 25.66 OK
r-devel-linux-x86_64-debian-gcc 1.1 1.57 19.66 21.23 OK
r-devel-linux-x86_64-fedora-clang 1.1 31.57 OK
r-devel-linux-x86_64-fedora-gcc 1.1 30.74 OK
r-devel-windows-ix86+x86_64 1.1 7.00 56.00 63.00 OK
r-patched-linux-x86_64 1.1 1.98 23.62 25.60 OK
r-patched-solaris-x86 1.1 50.70 OK
r-release-linux-x86_64 1.1 1.26 22.48 23.74 OK
r-release-windows-ix86+x86_64 1.1 2.00 49.00 51.00 OK
r-release-osx-x86_64 1.1 OK
r-oldrel-osx-x86_64 1.1 ERROR

Check Details

Version: 1.1
Check: whether package can be installed
Result: ERROR
    Installation failed.
Flavor: r-oldrel-osx-x86_64