CRAN Package Check Results for Package crsuggest

Last updated on 2021-09-16 19:51:27 CEST.

Flavor Version Tinstall Tcheck Ttotal Status Flags
r-devel-linux-x86_64-debian-clang 0.3.1 21.68 120.46 142.14 OK
r-devel-linux-x86_64-debian-gcc 0.3.1 19.77 89.37 109.14 OK
r-devel-linux-x86_64-fedora-clang 0.3.1 181.00 NOTE
r-devel-linux-x86_64-fedora-gcc 0.3.1 167.52 OK
r-devel-windows-x86_64 0.3.1 27.00 136.00 163.00 NOTE
r-devel-windows-x86_64-gcc10-UCRT 0.3.1 OK
r-patched-linux-x86_64 0.3.1 22.36 112.23 134.59 OK
r-patched-solaris-x86 0.3.1 273.40 NOTE
r-release-linux-x86_64 0.3.1 17.93 112.83 130.76 OK
r-release-macos-arm64 0.3.1 NOTE
r-release-macos-x86_64 0.3.1 NOTE
r-release-windows-ix86+x86_64 0.3.1 45.00 103.00 148.00 NOTE
r-oldrel-macos-x86_64 0.3.1 NOTE
r-oldrel-windows-ix86+x86_64 0.3.1 50.00 124.00 174.00 NOTE

Check Details

Version: 0.3.1
Check: installed package size
Result: NOTE
     installed size is 5.8Mb
     sub-directories of 1Mb or more:
     data 5.7Mb
Flavors: r-devel-linux-x86_64-fedora-clang, r-devel-windows-x86_64, r-patched-solaris-x86, r-release-macos-arm64, r-release-macos-x86_64, r-release-windows-ix86+x86_64, r-oldrel-macos-x86_64, r-oldrel-windows-ix86+x86_64