CRAN Package Check Results for Package crunch

Last updated on 2020-08-04 18:50:42 CEST.

Flavor Version Tinstall Tcheck Ttotal Status Flags
r-devel-linux-x86_64-debian-clang 1.27.0 32.60 345.47 378.07 OK
r-devel-linux-x86_64-debian-gcc 1.27.0 28.38 262.28 290.66 OK
r-devel-linux-x86_64-fedora-clang 1.27.0 453.48 OK
r-devel-linux-x86_64-fedora-gcc 1.27.0 464.68 OK
r-devel-windows-ix86+x86_64 1.27.0 77.00 306.00 383.00 OK
r-patched-linux-x86_64 1.27.0 33.35 345.51 378.86 OK
r-patched-solaris-x86 1.27.0 496.50 OK
r-release-linux-x86_64 1.27.0 33.15 345.15 378.30 OK
r-release-macos-x86_64 1.27.0 OK
r-release-windows-ix86+x86_64 1.27.0 75.00 439.00 514.00 OK
r-oldrel-macos-x86_64 1.27.0 WARN
r-oldrel-windows-ix86+x86_64 1.27.0 49.00 274.00 323.00 WARN

Check Details

Version: 1.27.0
Check: Rd cross-references
Result: WARN
    Missing link or links in documentation object 'cube-computing.Rd':
     ‘[base:marginSums]{base::margin.table()}’
     ‘[base:proportions]{base::prop.table()}’
    
    See section 'Cross-references' in the 'Writing R Extensions' manual.
Flavors: r-oldrel-macos-x86_64, r-oldrel-windows-ix86+x86_64