CRAN Package Check Results for Package crunch

Last updated on 2020-12-03 04:47:09 CET.

Flavor Version Tinstall Tcheck Ttotal Status Flags
r-devel-linux-x86_64-debian-clang 1.27.5 34.67 356.18 390.85 OK
r-devel-linux-x86_64-debian-gcc 1.27.5 29.78 274.26 304.04 OK
r-devel-linux-x86_64-fedora-clang 1.27.5 482.37 OK
r-devel-linux-x86_64-fedora-gcc 1.27.5 497.19 OK
r-devel-windows-ix86+x86_64 1.27.5 58.00 391.00 449.00 OK
r-patched-linux-x86_64 1.27.5 33.49 352.35 385.84 OK
r-patched-solaris-x86 1.27.5 506.40 OK
r-release-linux-x86_64 1.27.5 33.76 354.41 388.17 OK
r-release-macos-x86_64 1.27.5 OK
r-release-windows-ix86+x86_64 1.27.5 44.00 309.00 353.00 OK
r-oldrel-macos-x86_64 1.27.5 WARN
r-oldrel-windows-ix86+x86_64 1.27.5 46.00 380.00 426.00 WARN

Check Details

Version: 1.27.5
Check: Rd cross-references
Result: WARN
    Missing link or links in documentation object 'cube-computing.Rd':
     ‘[base:marginSums]{base::margin.table()}’
     ‘[base:proportions]{base::prop.table()}’
    
    See section 'Cross-references' in the 'Writing R Extensions' manual.
Flavors: r-oldrel-macos-x86_64, r-oldrel-windows-ix86+x86_64