CRAN Package Check Results for Package csabounds

Last updated on 2019-09-18 09:50:24 CEST.

Flavor Version Tinstall Tcheck Ttotal Status Flags
r-devel-linux-x86_64-debian-clang 1.0.0 4.67 43.70 48.37 OK
r-devel-linux-x86_64-debian-gcc 1.0.0 3.74 33.89 37.63 OK
r-devel-linux-x86_64-fedora-clang 1.0.0 57.89 NOTE
r-devel-linux-x86_64-fedora-gcc 1.0.0 55.22 NOTE
r-devel-windows-ix86+x86_64 1.0.0 26.00 81.00 107.00 OK
r-patched-linux-x86_64 1.0.0 4.26 42.59 46.85 OK
r-patched-solaris-x86 1.0.0 85.10 NOTE
r-release-linux-x86_64 1.0.0 3.59 42.28 45.87 OK
r-release-windows-ix86+x86_64 1.0.0 13.00 58.00 71.00 OK
r-release-osx-x86_64 1.0.0 NOTE
r-oldrel-windows-ix86+x86_64 1.0.0 8.00 56.00 64.00 OK
r-oldrel-osx-x86_64 1.0.0 NOTE

Check Details

Version: 1.0.0
Check: dependencies in R code
Result: NOTE
    Namespace in Imports field not imported from: ‘qte’
     All declared Imports should be used.
Flavors: r-devel-linux-x86_64-fedora-clang, r-devel-linux-x86_64-fedora-gcc, r-patched-solaris-x86, r-release-osx-x86_64, r-oldrel-osx-x86_64