CRAN Package Check Results for Package csabounds

Last updated on 2021-05-14 18:48:08 CEST.

Flavor Version Tinstall Tcheck Ttotal Status Flags
r-devel-linux-x86_64-debian-clang 1.0.0 5.62 56.78 62.40 OK
r-devel-linux-x86_64-debian-gcc 1.0.0 4.71 41.74 46.45 OK
r-devel-linux-x86_64-fedora-clang 1.0.0 82.75 NOTE
r-devel-linux-x86_64-fedora-gcc 1.0.0 70.28 NOTE
r-devel-windows-ix86+x86_64 1.0.0 16.00 59.00 75.00 OK
r-devel-windows-x86_64-gcc10-UCRT 1.0.0 NOTE
r-patched-linux-x86_64 1.0.0 6.36 53.50 59.86 OK
r-patched-solaris-x86 1.0.0 106.10 NOTE
r-release-linux-x86_64 1.0.0 5.77 52.38 58.15 OK
r-release-macos-x86_64 1.0.0 NOTE
r-release-windows-ix86+x86_64 1.0.0 12.00 78.00 90.00 OK
r-oldrel-macos-x86_64 1.0.0 NOTE
r-oldrel-windows-ix86+x86_64 1.0.0 12.00 71.00 83.00 OK

Check Details

Version: 1.0.0
Check: dependencies in R code
Result: NOTE
    Namespace in Imports field not imported from: ‘qte’
     All declared Imports should be used.
Flavors: r-devel-linux-x86_64-fedora-clang, r-devel-linux-x86_64-fedora-gcc, r-devel-windows-x86_64-gcc10-UCRT, r-patched-solaris-x86, r-release-macos-x86_64, r-oldrel-macos-x86_64