CRAN Package Check Results for Package csabounds

Last updated on 2020-02-18 01:51:49 CET.

Flavor Version Tinstall Tcheck Ttotal Status Flags
r-devel-linux-x86_64-debian-clang 1.0.0 0.44 2.17 2.61 ERROR
r-devel-linux-x86_64-debian-gcc 1.0.0 3.60 38.02 41.62 OK
r-devel-linux-x86_64-fedora-clang 1.0.0 70.16 NOTE
r-devel-linux-x86_64-fedora-gcc 1.0.0 63.26 NOTE
r-devel-windows-ix86+x86_64 1.0.0 17.00 64.00 81.00 OK
r-devel-windows-ix86+x86_64-gcc8 1.0.0 22.00 85.00 107.00 OK
r-patched-linux-x86_64 1.0.0 3.70 42.62 46.32 OK
r-patched-solaris-x86 1.0.0 85.10 NOTE
r-release-linux-x86_64 1.0.0 3.52 42.27 45.79 OK
r-release-windows-ix86+x86_64 1.0.0 12.00 58.00 70.00 OK
r-release-osx-x86_64 1.0.0 NOTE
r-oldrel-windows-ix86+x86_64 1.0.0 5.00 58.00 63.00 OK
r-oldrel-osx-x86_64 1.0.0 NOTE

Check Details

Version: 1.0.0
Check: package dependencies
Result: ERROR
    Package required but not available: 'qte'
    
    See section 'The DESCRIPTION file' in the 'Writing R Extensions'
    manual.
Flavor: r-devel-linux-x86_64-debian-clang

Version: 1.0.0
Check: dependencies in R code
Result: NOTE
    Namespace in Imports field not imported from: ‘qte’
     All declared Imports should be used.
Flavors: r-devel-linux-x86_64-fedora-clang, r-devel-linux-x86_64-fedora-gcc, r-patched-solaris-x86, r-release-osx-x86_64, r-oldrel-osx-x86_64