Last updated on 2023-03-28 04:52:54 CEST.
Flavor | Version | Tinstall | Tcheck | Ttotal | Status | Flags |
---|---|---|---|---|---|---|
r-devel-linux-x86_64-debian-clang | 2.0 | 4.60 | 63.82 | 68.42 | OK | |
r-devel-linux-x86_64-debian-gcc | 2.0 | 4.60 | 47.68 | 52.28 | OK | |
r-devel-linux-x86_64-fedora-clang | 2.0 | 84.65 | OK | |||
r-devel-linux-x86_64-fedora-gcc | 2.0 | 90.67 | OK | |||
r-patched-linux-x86_64 | 2.0 | 6.11 | 60.65 | 66.76 | OK | |
r-release-linux-x86_64 | 2.0 | 4.95 | 61.30 | 66.25 | OK | |
r-release-macos-arm64 | 2.0 | 32.00 | OK | |||
r-release-macos-x86_64 | 2.0 | 59.00 | OK | |||
r-release-windows-x86_64 | 2.0 | 14.00 | 88.00 | 102.00 | OK | |
r-oldrel-macos-arm64 | 2.0 | 42.00 | OK | |||
r-oldrel-macos-x86_64 | 2.0 | 49.00 | OK | |||
r-oldrel-windows-ix86+x86_64 | 2.0 | 22.00 | 95.00 | 117.00 | NOTE |
Version: 2.0
Check: R code for possible problems
Result: NOTE
Initiating curl with CURL_SSL_BACKEND: openssl
Flavor: r-oldrel-windows-ix86+x86_64