Last updated on 2023-06-07 02:00:57 CEST.
Flavor | Version | Tinstall | Tcheck | Ttotal | Status | Flags |
---|---|---|---|---|---|---|
r-devel-linux-x86_64-debian-clang | 2023.5.22 | 6.55 | 76.50 | 83.05 | OK | |
r-devel-linux-x86_64-debian-gcc | 2023.5.22 | 6.31 | 55.89 | 62.20 | OK | |
r-devel-linux-x86_64-fedora-clang | 2023.5.22 | 101.15 | NOTE | |||
r-devel-linux-x86_64-fedora-gcc | 2023.5.22 | 108.68 | OK | |||
r-devel-windows-x86_64 | 2023.5.22 | 13.00 | 82.00 | 95.00 | NOTE | |
r-patched-linux-x86_64 | 2023.5.22 | 7.79 | 69.06 | 76.85 | OK | |
r-release-linux-x86_64 | 2023.5.22 | 7.15 | 69.55 | 76.70 | OK | |
r-release-macos-arm64 | 2023.5.22 | 45.00 | NOTE | |||
r-release-macos-x86_64 | 2022.12.15 | 65.00 | NOTE | |||
r-release-windows-x86_64 | 2023.5.22 | 9.00 | 91.00 | 100.00 | NOTE | |
r-oldrel-macos-arm64 | 2023.5.22 | 57.00 | NOTE | |||
r-oldrel-macos-x86_64 | 2023.5.22 | 50.00 | NOTE | |||
r-oldrel-windows-x86_64 | 2023.5.22 | 11.00 | 91.00 | 102.00 | NOTE |
Version: 2023.5.22
Check: installed package size
Result: NOTE
installed size is 5.7Mb
sub-directories of 1Mb or more:
data 3.8Mb
doc 1.6Mb
Flavors: r-devel-linux-x86_64-fedora-clang, r-devel-windows-x86_64, r-release-macos-arm64, r-release-windows-x86_64, r-oldrel-macos-arm64, r-oldrel-macos-x86_64, r-oldrel-windows-x86_64
Version: 2022.12.15
Check: installed package size
Result: NOTE
installed size is 5.1Mb
sub-directories of 1Mb or more:
data 3.3Mb
doc 1.5Mb
Flavor: r-release-macos-x86_64