CRAN Package Check Results for Package cstar

Last updated on 2019-03-19 11:51:35 CET.

Flavor Version Tinstall Tcheck Ttotal Status Flags
r-devel-linux-x86_64-debian-clang 1.0 1.42 19.34 20.76 NOTE
r-devel-linux-x86_64-debian-gcc 1.0 1.31 15.34 16.65 NOTE
r-devel-linux-x86_64-fedora-clang 1.0 25.08 NOTE
r-devel-linux-x86_64-fedora-gcc 1.0 23.96 NOTE
r-devel-windows-ix86+x86_64 1.0 6.00 42.00 48.00 NOTE
r-patched-linux-x86_64 1.0 0.93 18.66 19.59 NOTE
r-patched-solaris-x86 1.0 37.60 NOTE
r-release-linux-x86_64 1.0 0.87 18.62 19.49 NOTE
r-release-windows-ix86+x86_64 1.0 5.00 41.00 46.00 NOTE
r-release-osx-x86_64 1.0 NOTE
r-oldrel-windows-ix86+x86_64 1.0 3.00 39.00 42.00 NOTE
r-oldrel-osx-x86_64 1.0 NOTE

Check Details

Version: 1.0
Check: DESCRIPTION meta-information
Result: NOTE
    Malformed Title field: should not end in a period.
Flavors: r-devel-linux-x86_64-debian-clang, r-devel-linux-x86_64-debian-gcc, r-devel-linux-x86_64-fedora-clang, r-devel-linux-x86_64-fedora-gcc, r-devel-windows-ix86+x86_64, r-patched-linux-x86_64, r-patched-solaris-x86, r-release-linux-x86_64, r-release-windows-ix86+x86_64, r-release-osx-x86_64, r-oldrel-windows-ix86+x86_64, r-oldrel-osx-x86_64

Version: 1.0
Check: R code for possible problems
Result: NOTE
    cstar: no visible global function definition for 'vcov'
    cstar : utility: no visible global function definition for 'dt'
    cstar : maximand: no visible global function definition for 'integrate'
    cstar: no visible global function definition for 'uniroot'
    cstari : utility: no visible global function definition for 'dt'
    cstari : maximand: no visible global function definition for
     'integrate'
    cstari: no visible global function definition for 'uniroot'
    cstarme : utility: no visible global function definition for 'density'
    cstarme : maximand: no visible global function definition for
     'integrate'
    cstarme : maximand: no visible global function definition for 'sd'
    cstarme: no visible global function definition for 'uniroot'
    Undefined global functions or variables:
     density dt integrate sd uniroot vcov
    Consider adding
     importFrom("stats", "density", "dt", "integrate", "sd", "uniroot",
     "vcov")
    to your NAMESPACE file.
Flavors: r-devel-linux-x86_64-debian-clang, r-devel-linux-x86_64-debian-gcc, r-devel-linux-x86_64-fedora-clang, r-devel-linux-x86_64-fedora-gcc, r-devel-windows-ix86+x86_64, r-patched-linux-x86_64, r-patched-solaris-x86, r-release-linux-x86_64, r-release-windows-ix86+x86_64, r-release-osx-x86_64, r-oldrel-windows-ix86+x86_64, r-oldrel-osx-x86_64