CRAN Package Check Results for Package csurvey

Last updated on 2021-09-16 11:53:18 CEST.

Flavor Version Tinstall Tcheck Ttotal Status Flags
r-devel-linux-x86_64-debian-clang 1.2 12.63 90.67 103.30 OK
r-devel-linux-x86_64-debian-gcc 1.2 9.29 68.33 77.62 OK
r-devel-linux-x86_64-fedora-clang 1.2 128.95 NOTE
r-devel-linux-x86_64-fedora-gcc 1.2 120.11 OK
r-devel-windows-x86_64 1.2 13.00 108.00 121.00 OK
r-devel-windows-x86_64-gcc10-UCRT 1.2 OK
r-patched-linux-x86_64 1.2 12.30 87.15 99.45 OK
r-patched-solaris-x86 1.2 176.40 OK
r-release-linux-x86_64 1.2 10.61 87.56 98.17 OK
r-release-macos-arm64 1.2 OK
r-release-macos-x86_64 1.2 OK
r-release-windows-ix86+x86_64 1.2 25.00 83.00 108.00 OK
r-oldrel-macos-x86_64 1.2 OK
r-oldrel-windows-ix86+x86_64 1.2 17.00 99.00 116.00 OK

Check Details

Version: 1.2
Check: Rd cross-references
Result: NOTE
    Undeclared package ‘cgam’ in Rd xrefs
Flavor: r-devel-linux-x86_64-fedora-clang