CRAN Package Check Results for Package ctmm

Last updated on 2019-08-24 06:47:17 CEST.

Flavor Version Tinstall Tcheck Ttotal Status Flags
r-devel-linux-x86_64-debian-clang 0.5.6 25.20 258.03 283.23 OK --no-vignettes
r-devel-linux-x86_64-debian-gcc 0.5.6 21.93 201.63 223.56 OK --no-vignettes
r-devel-linux-x86_64-fedora-clang 0.5.6 337.21 OK --no-vignettes
r-devel-linux-x86_64-fedora-gcc 0.5.6 332.31 OK --no-vignettes
r-devel-windows-ix86+x86_64 0.5.6 184.00 445.00 629.00 OK --no-vignettes
r-patched-linux-x86_64 0.5.6 26.80 255.09 281.89 OK --no-vignettes
r-patched-solaris-x86 0.5.6 452.80 OK --no-vignettes
r-release-linux-x86_64 0.5.6 25.64 251.26 276.90 OK --no-vignettes
r-release-windows-ix86+x86_64 0.5.6 351.00 769.00 1120.00 OK --no-vignettes
r-release-osx-x86_64 0.5.6 FAIL
r-oldrel-windows-ix86+x86_64 0.5.6 181.00 710.00 891.00 OK --no-vignettes
r-oldrel-osx-x86_64 0.5.6 FAIL

Check Details

Version: 0.5.6
Check: re-building of vignette outputs
Result: WARN
    Error(s) in re-building vignettes:
    --- re-building ‘akde.Rmd’ using rmarkdown
    Warning in engine$weave(file, quiet = quiet, encoding = enc) :
     Pandoc (>= 1.12.3) and/or pandoc-citeproc not available. Falling back to R Markdown v1.
    --- finished re-building ‘akde.Rmd’
    
    --- re-building ‘error.Rmd’ using rmarkdown
    Warning in engine$weave(file, quiet = quiet, encoding = enc) :
     Pandoc (>= 1.12.3) and/or pandoc-citeproc not available. Falling back to R Markdown v1.
    --- finished re-building ‘error.Rmd’
    
    --- re-building ‘periodogram.Rmd’ using rmarkdown
    Warning in engine$weave(file, quiet = quiet, encoding = enc) :
     Pandoc (>= 1.12.3) and/or pandoc-citeproc not available. Falling back to R Markdown v1.
    --- finished re-building ‘periodogram.Rmd’
    
    --- re-building ‘variogram.Rmd’ using rmarkdown
    Warning in engine$weave(file, quiet = quiet, encoding = enc) :
     Pandoc (>= 1.12.3) and/or pandoc-citeproc not available. Falling back to R Markdown v1.
    
    Execution halted
    SUMMARY: processing the following file failed:
     ‘variogram.Rmd’
    
    Error: Vignette re-building failed.
    Execution halted
Flavor: r-release-osx-x86_64

Version: 0.5.6
Check: PDF version of manual
Result: FAIL
    
Flavors: r-release-osx-x86_64, r-oldrel-osx-x86_64

Version: 0.5.6
Check: re-building of vignette outputs
Result: WARN
    Error in re-building vignettes:
     ...
    Warning in engine$weave(file, quiet = quiet, encoding = enc) :
     Pandoc (>= 1.12.3) and/or pandoc-citeproc not available. Falling back to R Markdown v1.
    Warning in engine$weave(file, quiet = quiet, encoding = enc) :
     Pandoc (>= 1.12.3) and/or pandoc-citeproc not available. Falling back to R Markdown v1.
    Warning in engine$weave(file, quiet = quiet, encoding = enc) :
     Pandoc (>= 1.12.3) and/or pandoc-citeproc not available. Falling back to R Markdown v1.
    Warning in engine$weave(file, quiet = quiet, encoding = enc) :
     Pandoc (>= 1.12.3) and/or pandoc-citeproc not available. Falling back to R Markdown v1.
    
    Execution halted
Flavor: r-oldrel-osx-x86_64