CRAN Package Check Results for Package ctsem

Last updated on 2019-03-24 04:46:42 CET.

Flavor Version Tinstall Tcheck Ttotal Status Flags
r-devel-linux-x86_64-debian-clang 2.8.2 655.81 720.12 1375.93 NOTE
r-devel-linux-x86_64-debian-gcc 2.8.2 598.46 639.78 1238.24 NOTE
r-devel-linux-x86_64-fedora-clang 2.8.2 1903.12 NOTE
r-devel-linux-x86_64-fedora-gcc 2.8.2 1523.77 NOTE
r-devel-windows-ix86+x86_64 2.8.2 522.00 733.00 1255.00 NOTE --no-vignettes
r-patched-linux-x86_64 2.8.2 626.54 738.57 1365.11 NOTE
r-patched-solaris-x86 2.8.2 9.50 ERROR
r-release-linux-x86_64 2.8.2 0.63 3.76 4.39 ERROR
r-release-windows-ix86+x86_64 2.8.2 411.00 462.00 873.00 NOTE --no-vignettes
r-release-osx-x86_64 2.8.2 NOTE
r-oldrel-windows-ix86+x86_64 2.8.2 398.00 568.00 966.00 NOTE --no-vignettes
r-oldrel-osx-x86_64 2.8.2 NOTE

Check Details

Version: 2.8.2
Check: for GNU extensions in Makefiles
Result: NOTE
    GNU make is a SystemRequirements.
Flavors: r-devel-linux-x86_64-debian-clang, r-devel-linux-x86_64-debian-gcc, r-devel-linux-x86_64-fedora-clang, r-devel-linux-x86_64-fedora-gcc, r-patched-linux-x86_64, r-release-osx-x86_64, r-oldrel-osx-x86_64

Version: 2.8.2
Check: installed package size
Result: NOTE
     installed size is 103.3Mb
     sub-directories of 1Mb or more:
     data 1.8Mb
     libs 99.5Mb
Flavors: r-devel-linux-x86_64-fedora-clang, r-release-osx-x86_64, r-oldrel-osx-x86_64

Version: 2.8.2
Flags: --no-vignettes
Check: installed package size
Result: NOTE
     installed size is 7.9Mb
     sub-directories of 1Mb or more:
     data 1.8Mb
     libs 4.1Mb
Flavors: r-devel-windows-ix86+x86_64, r-release-windows-ix86+x86_64, r-oldrel-windows-ix86+x86_64

Version: 2.8.2
Flags: --no-vignettes
Check: for GNU extensions in Makefiles
Result: NOTE
    GNU make is a SystemRequirements.
Flavors: r-devel-windows-ix86+x86_64, r-release-windows-ix86+x86_64, r-oldrel-windows-ix86+x86_64

Version: 2.8.2
Check: whether package can be installed
Result: ERROR
    Installation failed.
Flavors: r-patched-solaris-x86, r-release-linux-x86_64