Last updated on 2023-06-05 14:56:43 CEST.
Flavor | Version | Tinstall | Tcheck | Ttotal | Status | Flags |
---|---|---|---|---|---|---|
r-devel-linux-x86_64-debian-clang | 1.0.0 | 3.78 | 106.70 | 110.48 | OK | |
r-devel-linux-x86_64-debian-gcc | 1.0.0 | 3.20 | 74.83 | 78.03 | OK | |
r-devel-linux-x86_64-fedora-clang | 1.0.0 | 134.33 | NOTE | |||
r-devel-linux-x86_64-fedora-gcc | 1.0.0 | 129.98 | NOTE | |||
r-devel-windows-x86_64 | 1.0.0 | 6.00 | 99.00 | 105.00 | OK | |
r-patched-linux-x86_64 | 1.0.0 | 5.14 | 102.43 | 107.57 | OK | |
r-release-linux-x86_64 | 1.0.0 | 3.35 | 100.95 | 104.30 | OK | |
r-release-macos-arm64 | 1.0.0 | 39.00 | OK | |||
r-release-macos-x86_64 | 1.0.0 | 62.00 | OK | |||
r-release-windows-x86_64 | 1.0.0 | 7.00 | 123.00 | 130.00 | OK | |
r-oldrel-macos-arm64 | 1.0.0 | 43.00 | OK | |||
r-oldrel-macos-x86_64 | 1.0.0 | 45.00 | OK | |||
r-oldrel-windows-x86_64 | 1.0.0 | 7.00 | 118.00 | 125.00 | OK |
Version: 1.0.0
Check: dependencies in R code
Result: NOTE
Namespace in Imports field not imported from: ‘Rdpack’
All declared Imports should be used.
Flavors: r-devel-linux-x86_64-fedora-clang, r-devel-linux-x86_64-fedora-gcc