CRAN Package Check Results for Package cubfits

Last updated on 2019-06-25 09:50:39 CEST.

Flavor Version Tinstall Tcheck Ttotal Status Flags
r-devel-linux-x86_64-debian-clang 0.1-3 11.13 62.68 73.81 OK
r-devel-linux-x86_64-debian-gcc 0.1-3 8.69 49.92 58.61 OK
r-devel-linux-x86_64-fedora-clang 0.1-3 91.05 OK
r-devel-linux-x86_64-fedora-gcc 0.1-3 86.98 OK
r-devel-windows-ix86+x86_64 0.1-3 30.00 90.00 120.00 OK
r-patched-linux-x86_64 0.1-3 10.84 64.03 74.87 OK
r-patched-solaris-x86 0.1-3 113.70 OK
r-release-linux-x86_64 0.1-3 10.40 64.21 74.61 OK
r-release-windows-ix86+x86_64 0.1-3 20.00 139.00 159.00 OK
r-release-osx-x86_64 0.1-3 NOTE
r-oldrel-windows-ix86+x86_64 0.1-3 18.00 84.00 102.00 OK
r-oldrel-osx-x86_64 0.1-3 NOTE

Check Details

Version: 0.1-3
Check: package dependencies
Result: NOTE
    Package which this enhances but not available for checking: ‘pbdMPI’
Flavors: r-release-osx-x86_64, r-oldrel-osx-x86_64