CRAN Package Check Results for Package cubing

Last updated on 2020-07-11 20:47:04 CEST.

Flavor Version Tinstall Tcheck Ttotal Status Flags
r-devel-linux-x86_64-debian-clang 1.0-5 26.27 65.95 92.22 OK
r-devel-linux-x86_64-debian-gcc 1.0-5 23.12 51.81 74.93 OK
r-devel-linux-x86_64-fedora-gcc 1.0-5 115.75 OK
r-devel-windows-ix86+x86_64 1.0-5 43.00 133.00 176.00 OK
r-patched-linux-x86_64 1.0-5 26.68 65.81 92.49 OK
r-patched-solaris-x86 1.0-5 187.10 OK
r-release-linux-x86_64 1.0-5 27.91 65.82 93.73 OK
r-release-macos-x86_64 1.0-5 OK
r-release-windows-ix86+x86_64 1.0-5 57.00 94.00 151.00 OK
r-oldrel-macos-x86_64 1.0-5 WARN
r-oldrel-windows-ix86+x86_64 1.0-5 43.00 97.00 140.00 OK

Check Details

Version: 1.0-5
Check: whether package can be installed
Result: WARN
    Found the following significant warnings:
     Warning: 'rgl_init' failed, running with rgl.useNULL = TRUE
Flavor: r-oldrel-macos-x86_64