CRAN Package Check Results for Package cumulocityr

Last updated on 2021-05-15 20:50:23 CEST.

Flavor Version Tinstall Tcheck Ttotal Status Flags
r-devel-linux-x86_64-debian-clang 0.1.0 2.51 24.11 26.62 NOTE
r-devel-linux-x86_64-debian-gcc 0.1.0 1.78 19.24 21.02 NOTE
r-devel-linux-x86_64-fedora-clang 0.1.0 42.64 NOTE
r-devel-linux-x86_64-fedora-gcc 0.1.0 31.54 NOTE
r-devel-windows-ix86+x86_64 0.1.0 6.00 39.00 45.00 NOTE
r-devel-windows-x86_64-gcc10-UCRT 0.1.0 NOTE
r-patched-linux-x86_64 0.1.0 2.29 24.20 26.49 NOTE
r-patched-solaris-x86 0.1.0 48.50 NOTE
r-release-linux-x86_64 0.1.0 2.21 23.77 25.98 OK
r-release-macos-x86_64 0.1.0 OK
r-release-windows-ix86+x86_64 0.1.0 4.00 39.00 43.00 OK
r-oldrel-macos-x86_64 0.1.0 OK
r-oldrel-windows-ix86+x86_64 0.1.0 3.00 41.00 44.00 OK

Check Details

Version: 0.1.0
Check: LazyData
Result: NOTE
     'LazyData' is specified without a 'data' directory
Flavors: r-devel-linux-x86_64-debian-clang, r-devel-linux-x86_64-debian-gcc, r-devel-linux-x86_64-fedora-clang, r-devel-linux-x86_64-fedora-gcc, r-devel-windows-ix86+x86_64, r-devel-windows-x86_64-gcc10-UCRT, r-patched-linux-x86_64, r-patched-solaris-x86