CRAN Package Check Results for Package curephEM

Last updated on 2021-03-02 13:48:07 CET.

Flavor Version Tinstall Tcheck Ttotal Status Flags
r-devel-linux-x86_64-debian-clang 0.1.6 OK
r-devel-linux-x86_64-debian-gcc 0.1.6 6.91 71.37 78.28 OK
r-devel-linux-x86_64-fedora-clang 0.1.6 139.40 OK
r-devel-linux-x86_64-fedora-gcc 0.1.6 119.80 OK
r-devel-windows-ix86+x86_64 0.1.6 16.00 79.00 95.00 WARN
r-patched-linux-x86_64 0.1.6 8.57 93.96 102.53 OK
r-patched-solaris-x86 0.1.6 191.90 OK
r-release-linux-x86_64 0.1.6 8.09 90.06 98.15 OK
r-release-macos-x86_64 0.1.6 OK
r-release-windows-ix86+x86_64 0.1.6 30.00 115.00 145.00 OK
r-oldrel-macos-x86_64 0.1.6 OK
r-oldrel-windows-ix86+x86_64 0.1.6 13.00 111.00 124.00 OK

Check Details

Version: 0.1.6
Check: re-building of vignette outputs
Result: WARN
    Error(s) in re-building vignettes:
    --- re-building 'curephEM-vignette.Rmd' using rmarkdown
    Warning in fitter(X, Y, istrat, offset, init, control, weights = weights, :
     Loglik converged before variable 2,3,4,5 ; beta may be infinite.
    Quitting from lines 41-42 (curephEM-vignette.Rmd)
    Error: processing vignette 'curephEM-vignette.Rmd' failed with diagnostics:
    zero non-NA points
    --- failed re-building 'curephEM-vignette.Rmd'
    
    SUMMARY: processing the following file failed:
     'curephEM-vignette.Rmd'
    
    Error: Vignette re-building failed.
    Execution halted
Flavor: r-devel-windows-ix86+x86_64