CRAN Package Check Results for Package curry

Last updated on 2022-08-15 23:56:53 CEST.

Flavor Version Tinstall Tcheck Ttotal Status Flags
r-devel-linux-x86_64-debian-clang 0.1.1 2.01 20.47 22.48 NOTE
r-devel-linux-x86_64-debian-gcc 0.1.1 1.63 16.07 17.70 NOTE
r-devel-linux-x86_64-fedora-clang 0.1.1 38.41 NOTE
r-devel-linux-x86_64-fedora-gcc 0.1.1 37.24 NOTE
r-devel-windows-x86_64 0.1.1 7.00 41.00 48.00 NOTE
r-patched-linux-x86_64 0.1.1 2.17 20.14 22.31 NOTE
r-release-linux-x86_64 0.1.1 1.86 19.85 21.71 NOTE
r-release-macos-arm64 0.1.1 14.00 NOTE
r-release-macos-x86_64 0.1.1 19.00 NOTE
r-release-windows-x86_64 0.1.1 5.00 40.00 45.00 NOTE
r-oldrel-macos-arm64 0.1.1 19.00 NOTE
r-oldrel-macos-x86_64 0.1.1 27.00 NOTE
r-oldrel-windows-ix86+x86_64 0.1.1 4.00 23.00 27.00 NOTE

Check Details

Version: 0.1.1
Check: LazyData
Result: NOTE
     'LazyData' is specified without a 'data' directory
Flavors: r-devel-linux-x86_64-debian-clang, r-devel-linux-x86_64-debian-gcc, r-devel-linux-x86_64-fedora-clang, r-devel-linux-x86_64-fedora-gcc, r-devel-windows-x86_64, r-patched-linux-x86_64, r-release-linux-x86_64, r-release-macos-arm64, r-release-macos-x86_64, r-release-windows-x86_64, r-oldrel-macos-arm64, r-oldrel-macos-x86_64, r-oldrel-windows-ix86+x86_64