CRAN Package Check Results for Package curvHDR

Last updated on 2019-08-20 22:47:13 CEST.

Flavor Version Tinstall Tcheck Ttotal Status Flags
r-devel-linux-x86_64-debian-clang 1.2-1 12.12 80.26 92.38 OK
r-devel-linux-x86_64-debian-gcc 1.2-1 9.70 63.69 73.39 OK
r-devel-linux-x86_64-fedora-clang 1.2-1 113.78 OK
r-devel-linux-x86_64-fedora-gcc 1.2-1 110.70 OK
r-devel-windows-ix86+x86_64 1.2-1 40.00 759.00 799.00 OK
r-patched-linux-x86_64 1.2-1 11.96 80.85 92.81 OK
r-patched-solaris-x86 1.2-1 193.00 OK
r-release-linux-x86_64 1.2-1 10.73 82.23 92.96 OK
r-release-windows-ix86+x86_64 1.2-1 26.00 382.00 408.00 OK
r-release-osx-x86_64 1.2-1 WARN
r-oldrel-windows-ix86+x86_64 1.2-1 24.00 153.00 177.00 OK
r-oldrel-osx-x86_64 1.2-1 OK

Check Details

Version: 1.2-1
Check: whether package can be installed
Result: WARN
    Found the following significant warnings:
     Warning: 'rgl_init' failed, running with rgl.useNULL = TRUE
Flavor: r-release-osx-x86_64