CRAN Package Check Results for Package curvecomp

Last updated on 2021-04-16 21:50:16 CEST.

Flavor Version Tinstall Tcheck Ttotal Status Flags
r-devel-linux-x86_64-debian-clang 0.1.0 8.34 63.76 72.10 NOTE
r-devel-linux-x86_64-debian-gcc 0.1.0 6.52 50.41 56.93 NOTE
r-devel-linux-x86_64-fedora-clang 0.1.0 103.26 NOTE
r-devel-linux-x86_64-fedora-gcc 0.1.0 85.63 NOTE
r-devel-windows-ix86+x86_64 0.1.0 18.00 86.00 104.00 NOTE
r-devel-windows-x86_64-gcc10-UCRT 0.1.0 NOTE
r-patched-linux-x86_64 0.1.0 7.55 60.54 68.09 NOTE
r-patched-solaris-x86 0.1.0 129.40 NOTE
r-release-linux-x86_64 0.1.0 6.80 60.00 66.80 NOTE
r-release-macos-x86_64 0.1.0 OK
r-release-windows-ix86+x86_64 0.1.0 24.00 86.00 110.00 OK
r-oldrel-macos-x86_64 0.1.0 OK
r-oldrel-windows-ix86+x86_64 0.1.0 11.00 77.00 88.00 OK

Check Details

Version: 0.1.0
Check: LazyData
Result: NOTE
     'LazyData' is specified without a 'data' directory
Flavors: r-devel-linux-x86_64-debian-clang, r-devel-linux-x86_64-debian-gcc, r-devel-linux-x86_64-fedora-clang, r-devel-linux-x86_64-fedora-gcc, r-devel-windows-ix86+x86_64, r-devel-windows-x86_64-gcc10-UCRT

Version: 0.1.0
Check: for non-standard things in the check directory
Result: NOTE
    Found the following files/directories:
     'Adjusted_p_values.pdf' 'Effect_Size_Curves.pdf'
     'Mean_Difference_Curves.pdf'
Flavors: r-devel-linux-x86_64-debian-clang, r-devel-linux-x86_64-debian-gcc, r-devel-linux-x86_64-fedora-clang, r-devel-linux-x86_64-fedora-gcc, r-patched-linux-x86_64, r-patched-solaris-x86, r-release-linux-x86_64