CRAN Package Check Results for Package cusp

Last updated on 2021-04-12 23:47:58 CEST.

Flavor Version Tinstall Tcheck Ttotal Status Flags
r-devel-linux-x86_64-debian-clang 2.3.3 5.96 93.56 99.52 OK
r-devel-linux-x86_64-debian-gcc 2.3.3 4.52 67.12 71.64 OK
r-devel-linux-x86_64-fedora-clang 2.3.3 133.29 NOTE
r-devel-linux-x86_64-fedora-gcc 2.3.3 119.34 NOTE
r-devel-windows-ix86+x86_64 2.3.3 11.00 171.00 182.00 OK
r-devel-windows-x86_64-gcc10-UCRT 2.3.3 OK
r-patched-linux-x86_64 2.3.3 4.88 90.62 95.50 OK
r-patched-solaris-x86 2.3.3 167.20 OK
r-release-linux-x86_64 2.3.3 4.76 90.85 95.61 OK
r-release-macos-x86_64 2.3.3 OK
r-release-windows-ix86+x86_64 2.3.3 9.00 182.00 191.00 OK
r-oldrel-macos-x86_64 2.3.3 OK
r-oldrel-windows-ix86+x86_64 2.3.3 10.00 149.00 159.00 OK

Check Details

Version: 2.3.3
Check: compiled code
Result: NOTE
    File ‘cusp/libs/cusp.so’:
     Found no calls to: ‘R_registerRoutines’, ‘R_useDynamicSymbols’
    
    It is good practice to register native routines and to disable symbol
    search.
    
    See ‘Writing portable packages’ in the ‘Writing R Extensions’ manual.
Flavors: r-devel-linux-x86_64-fedora-clang, r-devel-linux-x86_64-fedora-gcc