CRAN Package Check Results for Package customsteps

Last updated on 2019-06-25 09:50:39 CEST.

Flavor Version Tinstall Tcheck Ttotal Status Flags
r-devel-linux-x86_64-debian-clang 0.7.1.0 9.05 87.59 96.64 NOTE
r-devel-linux-x86_64-debian-gcc 0.7.1.0 8.66 68.72 77.38 NOTE
r-devel-linux-x86_64-fedora-clang 0.7.1.0 113.26 NOTE
r-devel-linux-x86_64-fedora-gcc 0.7.1.0 108.22 NOTE
r-devel-windows-ix86+x86_64 0.7.1.0 32.00 99.00 131.00 OK
r-patched-linux-x86_64 0.7.1.0 8.17 83.21 91.38 OK
r-patched-solaris-x86 0.7.1.0 176.80 NOTE
r-release-linux-x86_64 0.7.1.0 9.58 84.35 93.93 OK
r-release-windows-ix86+x86_64 0.7.1.0 21.00 155.00 176.00 OK
r-release-osx-x86_64 0.7.1.0 NOTE
r-oldrel-windows-ix86+x86_64 0.7.1.0 10.00 92.00 102.00 OK
r-oldrel-osx-x86_64 0.7.1.0 NOTE

Check Details

Version: 0.7.1.0
Check: package vignettes
Result: NOTE
    Package vignette with placeholder title 'Vignette Title':
     'customsteps.Rmd'
Flavors: r-devel-linux-x86_64-debian-clang, r-devel-linux-x86_64-debian-gcc

Version: 0.7.1.0
Check: dependencies in R code
Result: NOTE
    Namespaces in Imports field not imported from:
     ‘rlang’ ‘tidyselect’
     All declared Imports should be used.
Flavors: r-devel-linux-x86_64-fedora-clang, r-devel-linux-x86_64-fedora-gcc, r-patched-solaris-x86, r-release-osx-x86_64, r-oldrel-osx-x86_64