CRAN Package Check Results for Package customsteps

Last updated on 2019-01-22 11:52:05 CET.

Flavor Version Tinstall Tcheck Ttotal Status Flags
r-devel-linux-x86_64-debian-clang 0.7.1.0 6.70 87.17 93.87 OK
r-devel-linux-x86_64-debian-gcc 0.7.1.0 5.12 68.26 73.38 OK
r-devel-linux-x86_64-fedora-clang 0.7.1.0 114.45 NOTE
r-devel-linux-x86_64-fedora-gcc 0.7.1.0 100.95 NOTE
r-devel-windows-ix86+x86_64 0.7.1.0 19.00 124.00 143.00 OK
r-patched-linux-x86_64 0.7.1.0 5.82 81.57 87.39 OK
r-patched-solaris-x86 0.7.1.0 170.40 NOTE
r-release-linux-x86_64 0.7.1.0 5.98 80.70 86.68 OK
r-release-windows-ix86+x86_64 0.7.1.0 20.00 126.00 146.00 OK
r-release-osx-x86_64 0.7.1.0 NOTE
r-oldrel-windows-ix86+x86_64 0.7.1.0 20.00 94.00 114.00 OK
r-oldrel-osx-x86_64 0.7.1.0 NOTE

Check Details

Version: 0.7.1.0
Check: dependencies in R code
Result: NOTE
    Namespaces in Imports field not imported from:
     ‘rlang’ ‘tidyselect’
     All declared Imports should be used.
Flavors: r-devel-linux-x86_64-fedora-clang, r-devel-linux-x86_64-fedora-gcc, r-patched-solaris-x86, r-release-osx-x86_64, r-oldrel-osx-x86_64