CRAN Package Check Results for Package customsteps

Last updated on 2019-03-23 16:47:41 CET.

Flavor Version Tinstall Tcheck Ttotal Status Flags
r-devel-linux-x86_64-debian-clang 0.7.1.0 10.43 83.23 93.66 OK
r-devel-linux-x86_64-debian-gcc 0.7.1.0 8.42 67.55 75.97 OK
r-devel-linux-x86_64-fedora-clang 0.7.1.0 115.14 NOTE
r-devel-linux-x86_64-fedora-gcc 0.7.1.0 110.33 NOTE
r-devel-windows-ix86+x86_64 0.7.1.0 29.00 122.00 151.00 OK
r-patched-linux-x86_64 0.7.1.0 4.95 80.72 85.67 OK
r-patched-solaris-x86 0.7.1.0 172.40 NOTE
r-release-linux-x86_64 0.7.1.0 0.27 2.20 2.47 ERROR
r-release-windows-ix86+x86_64 0.7.1.0 13.00 95.00 108.00 OK
r-release-osx-x86_64 0.7.1.0 NOTE
r-oldrel-windows-ix86+x86_64 0.7.1.0 17.00 138.00 155.00 OK
r-oldrel-osx-x86_64 0.7.1.0 NOTE

Check Details

Version: 0.7.1.0
Check: dependencies in R code
Result: NOTE
    Namespaces in Imports field not imported from:
     ‘rlang’ ‘tidyselect’
     All declared Imports should be used.
Flavors: r-devel-linux-x86_64-fedora-clang, r-devel-linux-x86_64-fedora-gcc, r-patched-solaris-x86, r-release-osx-x86_64, r-oldrel-osx-x86_64

Version: 0.7.1.0
Check: whether package can be installed
Result: ERROR
    Installation failed.
Flavor: r-release-linux-x86_64