CRAN Package Check Results for Package cutoffR

Last updated on 2021-12-08 15:50:41 CET.

Flavor Version Tinstall Tcheck Ttotal Status Flags
r-devel-linux-x86_64-debian-clang 1.0 5.58 61.46 67.04 NOTE
r-devel-linux-x86_64-debian-gcc 1.0 4.37 47.00 51.37 NOTE
r-devel-linux-x86_64-fedora-clang 1.0 82.19 NOTE
r-devel-linux-x86_64-fedora-gcc 1.0 68.73 NOTE
r-devel-windows-x86_64-new-UL 1.0 13.00 91.00 104.00 NOTE
r-devel-windows-x86_64-new-TK 1.0 NOTE
r-devel-windows-x86_64-old 1.0 10.00 77.00 87.00 NOTE
r-patched-linux-x86_64 1.0 4.67 56.82 61.49 NOTE
r-release-linux-x86_64 1.0 5.24 57.54 62.78 NOTE
r-release-macos-arm64 1.0 NOTE
r-release-macos-x86_64 1.0 NOTE
r-release-windows-ix86+x86_64 1.0 12.00 71.00 83.00 NOTE
r-oldrel-macos-x86_64 1.0 NOTE
r-oldrel-windows-ix86+x86_64 1.0 14.00 73.00 87.00 NOTE

Check Details

Version: 1.0
Check: R code for possible problems
Result: NOTE
    Cut: no visible global function definition for 'cor'
    MissSimulation: no visible global function definition for 'rbinom'
    cutoff: no visible global function definition for 'cor'
    Undefined global functions or variables:
     cor rbinom
    Consider adding
     importFrom("stats", "cor", "rbinom")
    to your NAMESPACE file.
Flavors: r-devel-linux-x86_64-debian-clang, r-devel-linux-x86_64-debian-gcc, r-devel-linux-x86_64-fedora-clang, r-devel-linux-x86_64-fedora-gcc, r-devel-windows-x86_64-new-UL, r-devel-windows-x86_64-new-TK, r-devel-windows-x86_64-old, r-patched-linux-x86_64, r-release-linux-x86_64, r-release-macos-arm64, r-release-macos-x86_64, r-release-windows-ix86+x86_64, r-oldrel-macos-x86_64, r-oldrel-windows-ix86+x86_64