CRAN Package Check Results for Package cutoffR

Last updated on 2022-05-25 10:53:14 CEST.

Flavor Version Tinstall Tcheck Ttotal Status Flags
r-devel-linux-x86_64-debian-clang 1.0 6.47 70.61 77.08 NOTE
r-devel-linux-x86_64-debian-gcc 1.0 4.89 53.70 58.59 NOTE
r-devel-linux-x86_64-fedora-clang 1.0 92.39 NOTE
r-devel-linux-x86_64-fedora-gcc 1.0 89.78 NOTE
r-devel-windows-x86_64 1.0 20.00 83.00 103.00 NOTE
r-patched-linux-x86_64 1.0 5.14 65.91 71.05 NOTE
r-release-linux-x86_64 1.0 NOTE
r-release-macos-arm64 1.0 26.00 NOTE
r-release-macos-x86_64 1.0 48.00 NOTE
r-release-windows-x86_64 1.0 16.00 84.00 100.00 NOTE
r-oldrel-macos-arm64 1.0 35.00 NOTE
r-oldrel-macos-x86_64 1.0 48.00 NOTE
r-oldrel-windows-ix86+x86_64 1.0 16.00 83.00 99.00 NOTE

Check Details

Version: 1.0
Check: R code for possible problems
Result: NOTE
    Cut: no visible global function definition for 'cor'
    MissSimulation: no visible global function definition for 'rbinom'
    cutoff: no visible global function definition for 'cor'
    Undefined global functions or variables:
     cor rbinom
    Consider adding
     importFrom("stats", "cor", "rbinom")
    to your NAMESPACE file.
Flavors: r-devel-linux-x86_64-debian-clang, r-devel-linux-x86_64-debian-gcc, r-devel-linux-x86_64-fedora-clang, r-devel-linux-x86_64-fedora-gcc, r-devel-windows-x86_64, r-patched-linux-x86_64, r-release-linux-x86_64, r-release-macos-arm64, r-release-macos-x86_64, r-release-windows-x86_64, r-oldrel-macos-arm64, r-oldrel-macos-x86_64, r-oldrel-windows-ix86+x86_64