Last updated on 2021-04-17 18:49:51 CEST.
Flavor | Version | Tinstall | Tcheck | Ttotal | Status | Flags |
---|---|---|---|---|---|---|
r-devel-linux-x86_64-debian-clang | 1.0 | 1.90 | 32.61 | 34.51 | NOTE | |
r-devel-linux-x86_64-debian-gcc | 1.0 | 1.83 | 25.45 | 27.28 | NOTE | |
r-devel-linux-x86_64-fedora-clang | 1.0 | 55.79 | NOTE | |||
r-devel-linux-x86_64-fedora-gcc | 1.0 | 41.14 | NOTE | |||
r-devel-windows-ix86+x86_64 | 1.0 | 5.00 | 48.00 | 53.00 | NOTE | |
r-devel-windows-x86_64-gcc10-UCRT | 1.0 | NOTE | ||||
r-patched-linux-x86_64 | 1.0 | 2.20 | 31.70 | 33.90 | NOTE | |
r-patched-solaris-x86 | 1.0 | 61.60 | NOTE | |||
r-release-linux-x86_64 | 1.0 | 2.24 | 32.07 | 34.31 | NOTE | |
r-release-macos-x86_64 | 1.0 | NOTE | ||||
r-release-windows-ix86+x86_64 | 1.0 | 4.00 | 34.00 | 38.00 | NOTE | |
r-oldrel-macos-x86_64 | 1.0 | NOTE | ||||
r-oldrel-windows-ix86+x86_64 | 1.0 | 4.00 | 50.00 | 54.00 | NOTE |
Version: 1.0
Check: DESCRIPTION meta-information
Result: NOTE
Malformed Description field: should contain one or more complete sentences.
Flavors: r-devel-linux-x86_64-debian-clang, r-devel-linux-x86_64-debian-gcc, r-devel-linux-x86_64-fedora-clang, r-devel-linux-x86_64-fedora-gcc, r-devel-windows-ix86+x86_64, r-devel-windows-x86_64-gcc10-UCRT, r-patched-linux-x86_64, r-patched-solaris-x86, r-release-linux-x86_64, r-release-macos-x86_64, r-release-windows-ix86+x86_64, r-oldrel-macos-x86_64, r-oldrel-windows-ix86+x86_64
Version: 1.0
Check: R code for possible problems
Result: NOTE
delta.glm: no visible global function definition for 'glm'
delta.glm: no visible global function definition for 'residuals'
delta.glm: no visible global function definition for 'fitted'
delta.glm: no visible global function definition for 'predict.glm'
two.stage.model.outputs: no visible global function definition for 'sd'
Undefined global functions or variables:
fitted glm predict.glm residuals sd
Consider adding
importFrom("stats", "fitted", "glm", "predict.glm", "residuals", "sd")
to your NAMESPACE file.
Flavors: r-devel-linux-x86_64-debian-clang, r-devel-linux-x86_64-debian-gcc, r-devel-linux-x86_64-fedora-clang, r-devel-linux-x86_64-fedora-gcc, r-devel-windows-ix86+x86_64, r-devel-windows-x86_64-gcc10-UCRT, r-patched-linux-x86_64, r-patched-solaris-x86, r-release-linux-x86_64, r-release-macos-x86_64, r-release-windows-ix86+x86_64, r-oldrel-macos-x86_64, r-oldrel-windows-ix86+x86_64