CRAN Package Check Results for Package cvAUC

Last updated on 2020-10-02 00:46:51 CEST.

Flavor Version Tinstall Tcheck Ttotal Status Flags
r-devel-linux-x86_64-debian-clang 1.1.0 3.13 30.54 33.67 NOTE
r-devel-linux-x86_64-debian-gcc 1.1.0 2.23 23.71 25.94 NOTE
r-devel-linux-x86_64-fedora-clang 1.1.0 48.38 NOTE
r-devel-linux-x86_64-fedora-gcc 1.1.0 38.21 NOTE
r-devel-windows-ix86+x86_64 1.1.0 7.00 46.00 53.00 NOTE
r-patched-linux-x86_64 1.1.0 2.80 28.65 31.45 NOTE
r-patched-solaris-x86 1.1.0 60.50 NOTE
r-release-linux-x86_64 1.1.0 2.52 29.10 31.62 NOTE
r-release-macos-x86_64 1.1.0 NOTE
r-release-windows-ix86+x86_64 1.1.0 6.00 47.00 53.00 NOTE
r-oldrel-macos-x86_64 1.1.0 NOTE
r-oldrel-windows-ix86+x86_64 1.1.0 28.00 45.00 73.00 NOTE

Check Details

Version: 1.1.0
Check: R code for possible problems
Result: NOTE
    ci.cvAUC: no visible global function definition for 'qnorm'
    ci.pooled.cvAUC: no visible global function definition for 'qnorm'
    Undefined global functions or variables:
     qnorm
    Consider adding
     importFrom("stats", "qnorm")
    to your NAMESPACE file.
Flavors: r-devel-linux-x86_64-debian-clang, r-devel-linux-x86_64-debian-gcc, r-devel-linux-x86_64-fedora-clang, r-devel-linux-x86_64-fedora-gcc, r-devel-windows-ix86+x86_64, r-patched-linux-x86_64, r-patched-solaris-x86, r-release-linux-x86_64, r-release-macos-x86_64, r-release-windows-ix86+x86_64, r-oldrel-macos-x86_64, r-oldrel-windows-ix86+x86_64