CRAN Package Check Results for Package cvap

Last updated on 2022-05-18 04:49:33 CEST.

Flavor Version Tinstall Tcheck Ttotal Status Flags
r-devel-linux-x86_64-debian-clang 0.1.1 4.15 49.87 54.02 OK
r-devel-linux-x86_64-debian-gcc 0.1.1 2.66 38.87 41.53 OK
r-devel-linux-x86_64-fedora-clang 0.1.1 62.78 NOTE
r-devel-linux-x86_64-fedora-gcc 0.1.1 61.35 NOTE
r-devel-windows-x86_64 0.1.1 13.00 76.00 89.00 OK
r-patched-linux-x86_64 0.1.1 2.52 47.77 50.29 OK
r-release-linux-x86_64 0.1.1 2.31 47.72 50.03 OK
r-release-macos-arm64 0.1.1 22.00 NOTE
r-release-macos-x86_64 0.1.1 37.00 NOTE
r-release-windows-x86_64 0.1.1 16.00 69.00 85.00 OK
r-oldrel-macos-arm64 0.1.1 26.00 NOTE
r-oldrel-macos-x86_64 0.1.1 34.00 NOTE
r-oldrel-windows-ix86+x86_64 0.1.1 10.00 67.00 77.00 OK

Check Details

Version: 0.1.1
Check: dependencies in R code
Result: NOTE
    Namespace in Imports field not imported from: ‘purrr’
     All declared Imports should be used.
Flavors: r-devel-linux-x86_64-fedora-clang, r-devel-linux-x86_64-fedora-gcc, r-release-macos-arm64, r-release-macos-x86_64, r-oldrel-macos-arm64, r-oldrel-macos-x86_64