CRAN Package Check Results for Package cwbtools

Last updated on 2019-12-15 14:47:18 CET.

Flavor Version Tinstall Tcheck Ttotal Status Flags
r-devel-linux-x86_64-debian-clang 0.1.1 6.33 55.09 61.42 OK
r-devel-linux-x86_64-debian-gcc 0.1.1 4.13 41.97 46.10 WARN
r-devel-linux-x86_64-fedora-clang 0.1.1 69.39 WARN
r-devel-linux-x86_64-fedora-gcc 0.1.1 68.67 WARN
r-devel-windows-ix86+x86_64 0.1.1 16.00 101.00 117.00 OK
r-devel-windows-ix86+x86_64-gcc8 0.1.1 11.00 66.00 77.00 OK
r-patched-linux-x86_64 0.1.1 4.19 48.82 53.01 WARN
r-patched-solaris-x86 0.1.1 105.60 OK
r-release-linux-x86_64 0.1.1 4.99 49.54 54.53 WARN
r-release-windows-ix86+x86_64 0.1.1 14.00 86.00 100.00 OK
r-release-osx-x86_64 0.1.1 OK
r-oldrel-windows-ix86+x86_64 0.1.1 10.00 68.00 78.00 OK
r-oldrel-osx-x86_64 0.1.1 OK

Check Details

Version: 0.1.1
Check: re-building of vignette outputs
Result: WARN
    Error(s) in re-building vignettes:
     ...
    --- re-building ‘europarl.Rmd’ using rmarkdown
    --- finished re-building ‘europarl.Rmd’
    
    --- re-building ‘vignette.Rmd’ using rmarkdown
    ... adding corpus positions to table 'metadata'
    Creating new corpus 'UNGA'
    ... encoding p-attribute 'word'
    ... writing tokenstream to disk (directly from R, equivalent to cwb-encode)
    ... creating indices (in memory)
    ... writing file: word.corpus
    ... writing file: word.lexicon
    ... writing file: word.lexicon.idx
    ... creating data for new registry file
    ... writing registry file
    Creating new corpus 'AUSTEN'
    ... encoding p-attribute 'word'
    ... writing tokenstream to disk (directly from R, equivalent to cwb-encode)
    ... creating indices (in memory)
    ... writing file: word.corpus
    ... writing file: word.lexicon
    ... writing file: word.lexicon.idx
    ... creating data for new registry file
    ... writing registry file
    ... encoding s-attribute 'book'
    Loading required package: NLP
    ... adding corpus positions to table 'metadata'
    Creating new corpus 'REUTERS'
    ... encoding p-attribute 'word'
    ... writing tokenstream to disk (directly from R, equivalent to cwb-encode)
    ... creating indices (in memory)
    ... writing file: word.corpus
    ... writing file: word.lexicon
    ... writing file: word.lexicon.idx
    ... creating data for new registry file
    ... writing registry file
    ... encoding s-attribute 'topics_cat'
    ... encoding s-attribute 'places'
    Warning in file(con, "w") :
     cannot open file ‘/home/hornik/tmp/scratch/RtmpMNKXtz/rmarkdown-str41b41076458b.html’: No such file or directory
    Error: processing vignette 'vignette.Rmd' failed with diagnostics:
    cannot open the connection
    --- failed re-building ‘vignette.Rmd’
    
    SUMMARY: processing the following file failed:
     ‘vignette.Rmd’
    
    Error: Vignette re-building failed.
    Execution halted
Flavor: r-devel-linux-x86_64-debian-gcc

Version: 0.1.1
Check: re-building of vignette outputs
Result: WARN
    Error(s) in re-building vignettes:
    --- re-building ‘europarl.Rmd’ using rmarkdown
    --- finished re-building ‘europarl.Rmd’
    
    --- re-building ‘vignette.Rmd’ using rmarkdown
    ... adding corpus positions to table 'metadata'
    Creating new corpus 'UNGA'
    ... encoding p-attribute 'word'
    ... writing tokenstream to disk (directly from R, equivalent to cwb-encode)
    ... creating indices (in memory)
    ... writing file: word.corpus
    ... writing file: word.lexicon
    ... writing file: word.lexicon.idx
    ... creating data for new registry file
    ... writing registry file
    Creating new corpus 'AUSTEN'
    ... encoding p-attribute 'word'
    ... writing tokenstream to disk (directly from R, equivalent to cwb-encode)
    ... creating indices (in memory)
    ... writing file: word.corpus
    ... writing file: word.lexicon
    ... writing file: word.lexicon.idx
    ... creating data for new registry file
    ... writing registry file
    ... encoding s-attribute 'book'
    Loading required package: NLP
    ... adding corpus positions to table 'metadata'
    Creating new corpus 'REUTERS'
    ... encoding p-attribute 'word'
    ... writing tokenstream to disk (directly from R, equivalent to cwb-encode)
    ... creating indices (in memory)
    ... writing file: word.corpus
    ... writing file: word.lexicon
    ... writing file: word.lexicon.idx
    ... creating data for new registry file
    ... writing registry file
    ... encoding s-attribute 'topics_cat'
    ... encoding s-attribute 'places'
    Warning in file(con, "w") :
     cannot open file '/tmp/Rtmpc1COgE/working_dir/RtmpkGK7XG/rmarkdown-str389d3f0b9ca7.html': No such file or directory
    Error: processing vignette 'vignette.Rmd' failed with diagnostics:
    cannot open the connection
    --- failed re-building ‘vignette.Rmd’
    
    SUMMARY: processing the following file failed:
     ‘vignette.Rmd’
    
    Error: Vignette re-building failed.
    Execution halted
Flavor: r-devel-linux-x86_64-fedora-clang

Version: 0.1.1
Check: re-building of vignette outputs
Result: WARN
    Error(s) in re-building vignettes:
    --- re-building ‘europarl.Rmd’ using rmarkdown
    --- finished re-building ‘europarl.Rmd’
    
    --- re-building ‘vignette.Rmd’ using rmarkdown
    ... adding corpus positions to table 'metadata'
    Creating new corpus 'UNGA'
    ... encoding p-attribute 'word'
    ... writing tokenstream to disk (directly from R, equivalent to cwb-encode)
    ... creating indices (in memory)
    ... writing file: word.corpus
    ... writing file: word.lexicon
    ... writing file: word.lexicon.idx
    ... creating data for new registry file
    ... writing registry file
    Creating new corpus 'AUSTEN'
    ... encoding p-attribute 'word'
    ... writing tokenstream to disk (directly from R, equivalent to cwb-encode)
    ... creating indices (in memory)
    ... writing file: word.corpus
    ... writing file: word.lexicon
    ... writing file: word.lexicon.idx
    ... creating data for new registry file
    ... writing registry file
    ... encoding s-attribute 'book'
    Loading required package: NLP
    ... adding corpus positions to table 'metadata'
    Creating new corpus 'REUTERS'
    ... encoding p-attribute 'word'
    ... writing tokenstream to disk (directly from R, equivalent to cwb-encode)
    ... creating indices (in memory)
    ... writing file: word.corpus
    ... writing file: word.lexicon
    ... writing file: word.lexicon.idx
    ... creating data for new registry file
    ... writing registry file
    ... encoding s-attribute 'topics_cat'
    ... encoding s-attribute 'places'
    Warning in file(con, "w") :
     cannot open file '/tmp/RtmpCIZtgI/working_dir/Rtmp2Uwe1L/rmarkdown-str8c6459c7aed.html': No such file or directory
    Error: processing vignette 'vignette.Rmd' failed with diagnostics:
    cannot open the connection
    --- failed re-building ‘vignette.Rmd’
    
    SUMMARY: processing the following file failed:
     ‘vignette.Rmd’
    
    Error: Vignette re-building failed.
    Execution halted
Flavor: r-devel-linux-x86_64-fedora-gcc

Version: 0.1.1
Check: re-building of vignette outputs
Result: WARN
    Error(s) in re-building vignettes:
     ...
    --- re-building ‘europarl.Rmd’ using rmarkdown
    --- finished re-building ‘europarl.Rmd’
    
    --- re-building ‘vignette.Rmd’ using rmarkdown
    ... adding corpus positions to table 'metadata'
    Creating new corpus 'UNGA'
    ... encoding p-attribute 'word'
    ... writing tokenstream to disk (directly from R, equivalent to cwb-encode)
    ... creating indices (in memory)
    ... writing file: word.corpus
    ... writing file: word.lexicon
    ... writing file: word.lexicon.idx
    ... creating data for new registry file
    ... writing registry file
    Creating new corpus 'AUSTEN'
    ... encoding p-attribute 'word'
    ... writing tokenstream to disk (directly from R, equivalent to cwb-encode)
    ... creating indices (in memory)
    ... writing file: word.corpus
    ... writing file: word.lexicon
    ... writing file: word.lexicon.idx
    ... creating data for new registry file
    ... writing registry file
    ... encoding s-attribute 'book'
    Loading required package: NLP
    ... adding corpus positions to table 'metadata'
    Creating new corpus 'REUTERS'
    ... encoding p-attribute 'word'
    ... writing tokenstream to disk (directly from R, equivalent to cwb-encode)
    ... creating indices (in memory)
    ... writing file: word.corpus
    ... writing file: word.lexicon
    ... writing file: word.lexicon.idx
    ... creating data for new registry file
    ... writing registry file
    ... encoding s-attribute 'topics_cat'
    ... encoding s-attribute 'places'
    Warning in file(con, "w") :
     cannot open file ‘/tmp/Rtmpjvu3cp/rmarkdown-str1d366d60ec01.html’: No such file or directory
    Error: processing vignette 'vignette.Rmd' failed with diagnostics:
    cannot open the connection
    --- failed re-building ‘vignette.Rmd’
    
    SUMMARY: processing the following file failed:
     ‘vignette.Rmd’
    
    Error: Vignette re-building failed.
    Execution halted
Flavor: r-patched-linux-x86_64

Version: 0.1.1
Check: re-building of vignette outputs
Result: WARN
    Error(s) in re-building vignettes:
     ...
    --- re-building ‘europarl.Rmd’ using rmarkdown
    --- finished re-building ‘europarl.Rmd’
    
    --- re-building ‘vignette.Rmd’ using rmarkdown
    ... adding corpus positions to table 'metadata'
    Creating new corpus 'UNGA'
    ... encoding p-attribute 'word'
    ... writing tokenstream to disk (directly from R, equivalent to cwb-encode)
    ... creating indices (in memory)
    ... writing file: word.corpus
    ... writing file: word.lexicon
    ... writing file: word.lexicon.idx
    ... creating data for new registry file
    ... writing registry file
    Creating new corpus 'AUSTEN'
    ... encoding p-attribute 'word'
    ... writing tokenstream to disk (directly from R, equivalent to cwb-encode)
    ... creating indices (in memory)
    ... writing file: word.corpus
    ... writing file: word.lexicon
    ... writing file: word.lexicon.idx
    ... creating data for new registry file
    ... writing registry file
    ... encoding s-attribute 'book'
    Loading required package: NLP
    ... adding corpus positions to table 'metadata'
    Creating new corpus 'REUTERS'
    ... encoding p-attribute 'word'
    ... writing tokenstream to disk (directly from R, equivalent to cwb-encode)
    ... creating indices (in memory)
    ... writing file: word.corpus
    ... writing file: word.lexicon
    ... writing file: word.lexicon.idx
    ... creating data for new registry file
    ... writing registry file
    ... encoding s-attribute 'topics_cat'
    ... encoding s-attribute 'places'
    Warning in file(con, "w") :
     cannot open file ‘/tmp/RtmpKyTxiy/rmarkdown-str35984fc5b35.html’: No such file or directory
    Error: processing vignette 'vignette.Rmd' failed with diagnostics:
    cannot open the connection
    --- failed re-building ‘vignette.Rmd’
    
    SUMMARY: processing the following file failed:
     ‘vignette.Rmd’
    
    Error: Vignette re-building failed.
    Execution halted
Flavor: r-release-linux-x86_64