CRAN Package Check Results for Package cwhmisc

Last updated on 2019-09-16 14:47:08 CEST.

Flavor Version Tinstall Tcheck Ttotal Status Flags
r-devel-linux-x86_64-debian-clang 6.6 7.50 53.84 61.34 NOTE
r-devel-linux-x86_64-debian-gcc 6.6 6.53 43.67 50.20 NOTE
r-devel-linux-x86_64-fedora-clang 6.6 74.54 NOTE
r-devel-linux-x86_64-fedora-gcc 6.6 73.26 NOTE
r-devel-windows-ix86+x86_64 6.6 19.00 75.00 94.00 OK
r-patched-linux-x86_64 6.6 7.16 56.01 63.17 OK
r-patched-solaris-x86 6.6 93.70 OK
r-release-linux-x86_64 6.6 6.35 55.40 61.75 OK
r-release-windows-ix86+x86_64 6.6 15.00 100.00 115.00 OK
r-release-osx-x86_64 6.6 OK
r-oldrel-windows-ix86+x86_64 6.6 15.00 75.00 90.00 OK
r-oldrel-osx-x86_64 6.6 OK

Check Details

Version: 6.6
Check: for non-standard things in the check directory
Result: NOTE
    Found the following files/directories:
     'tex.table.tex'
Flavors: r-devel-linux-x86_64-debian-clang, r-devel-linux-x86_64-debian-gcc, r-devel-linux-x86_64-fedora-clang, r-devel-linux-x86_64-fedora-gcc