CRAN Package Check Results for Package cwhmisc

Last updated on 2020-09-20 05:48:44 CEST.

Flavor Version Tinstall Tcheck Ttotal Status Flags
r-devel-linux-x86_64-debian-clang 6.6 9.70 61.48 71.18 NOTE
r-devel-linux-x86_64-debian-gcc 6.6 7.14 48.64 55.78 NOTE
r-devel-linux-x86_64-fedora-clang 6.6 94.77 NOTE
r-devel-linux-x86_64-fedora-gcc 6.6 84.58 NOTE
r-devel-windows-ix86+x86_64 6.6 14.00 74.00 88.00 OK
r-patched-linux-x86_64 6.6 7.65 62.82 70.47 NOTE
r-patched-solaris-x86 6.6 107.20 NOTE
r-release-linux-x86_64 6.6 9.17 62.17 71.34 NOTE
r-release-macos-x86_64 6.6 OK
r-release-windows-ix86+x86_64 6.6 13.00 71.00 84.00 OK
r-oldrel-macos-x86_64 6.6 OK
r-oldrel-windows-ix86+x86_64 6.6 10.00 96.00 106.00 OK

Check Details

Version: 6.6
Check: for non-standard things in the check directory
Result: NOTE
    Found the following files/directories:
     'tex.table.tex'
Flavors: r-devel-linux-x86_64-debian-clang, r-devel-linux-x86_64-debian-gcc, r-devel-linux-x86_64-fedora-clang, r-devel-linux-x86_64-fedora-gcc, r-patched-linux-x86_64, r-patched-solaris-x86, r-release-linux-x86_64