CRAN Package Check Results for Package cwhmisc

Last updated on 2019-06-20 09:47:38 CEST.

Flavor Version Tinstall Tcheck Ttotal Status Flags
r-devel-linux-x86_64-debian-clang 6.6 7.37 54.31 61.68 NOTE
r-devel-linux-x86_64-debian-gcc 6.6 6.08 43.23 49.31 NOTE
r-devel-linux-x86_64-fedora-clang 6.6 74.43 NOTE
r-devel-linux-x86_64-fedora-gcc 6.6 70.93 NOTE
r-devel-windows-ix86+x86_64 6.6 19.00 104.00 123.00 OK
r-patched-linux-x86_64 6.6 7.03 55.27 62.30 OK
r-patched-solaris-x86 6.6 96.00 OK
r-release-linux-x86_64 6.6 7.22 55.59 62.81 OK
r-release-windows-ix86+x86_64 6.6 18.00 109.00 127.00 OK
r-release-osx-x86_64 6.6 OK
r-oldrel-windows-ix86+x86_64 6.6 9.00 94.00 103.00 OK
r-oldrel-osx-x86_64 6.6 OK

Check Details

Version: 6.6
Check: for non-standard things in the check directory
Result: NOTE
    Found the following files/directories:
     'tex.table.tex'
Flavors: r-devel-linux-x86_64-debian-clang, r-devel-linux-x86_64-debian-gcc, r-devel-linux-x86_64-fedora-clang, r-devel-linux-x86_64-fedora-gcc