CRAN Package Check Results for Package cycleRtools

Last updated on 2020-10-30 14:46:45 CET.

Flavor Version Tinstall Tcheck Ttotal Status Flags
r-devel-linux-x86_64-debian-clang 1.1.1 64.86 48.67 113.53 OK
r-devel-linux-x86_64-debian-gcc 1.1.1 43.03 37.73 80.76 OK
r-devel-linux-x86_64-fedora-clang 1.1.1 181.21 NOTE
r-devel-linux-x86_64-fedora-gcc 1.1.1 132.37 NOTE
r-devel-windows-ix86+x86_64 1.1.1 141.00 98.00 239.00 OK
r-patched-linux-x86_64 1.1.1 53.45 46.56 100.01 OK
r-patched-solaris-x86 1.1.1 138.00 WARN
r-release-linux-x86_64 1.1.1 53.59 46.87 100.46 OK
r-release-macos-x86_64 1.1.1 WARN
r-release-windows-ix86+x86_64 1.1.1 114.00 105.00 219.00 OK
r-oldrel-macos-x86_64 1.1.1 WARN
r-oldrel-windows-ix86+x86_64 1.1.1 140.00 89.00 229.00 OK

Check Details

Version: 1.1.1
Check: compiled code
Result: NOTE
    File ‘cycleRtools/libs/cycleRtools.so’:
     Found no calls to: ‘R_registerRoutines’, ‘R_useDynamicSymbols’
    
    It is good practice to register native routines and to disable symbol
    search.
    
    See ‘Writing portable packages’ in the ‘Writing R Extensions’ manual.
Flavors: r-devel-linux-x86_64-fedora-clang, r-devel-linux-x86_64-fedora-gcc

Version: 1.1.1
Check: re-building of vignette outputs
Result: WARN
    Error(s) in re-building vignettes:
     ...
    --- re-building ‘cycling_data_analysis.Rmd’ using rmarkdown
    Warning in engine$weave(file, quiet = quiet, encoding = enc) :
     Pandoc (>= 1.12.3) and/or pandoc-citeproc not available. Falling back to R Markdown v1.
    Quitting from lines 177-179 (cycling_data_analysis.Rmd)
    Error: processing vignette 'cycling_data_analysis.Rmd' failed with diagnostics:
    there is no package called 'webshot'
    --- failed re-building ‘cycling_data_analysis.Rmd’
    
    SUMMARY: processing the following file failed:
     ‘cycling_data_analysis.Rmd’
    
    Error: Vignette re-building failed.
    Execution halted
Flavor: r-patched-solaris-x86

Version: 1.1.1
Check: re-building of vignette outputs
Result: WARN
    Error(s) in re-building vignettes:
     ...
    --- re-building ‘cycling_data_analysis.Rmd’ using rmarkdown
    Warning in engine$weave(file, quiet = quiet, encoding = enc) :
     Pandoc (>= 1.12.3) and/or pandoc-citeproc not available. Falling back to R Markdown v1.
    Quitting from lines 177-179 (cycling_data_analysis.Rmd)
    Error: processing vignette 'cycling_data_analysis.Rmd' failed with diagnostics:
    cannot open the connection
    --- failed re-building ‘cycling_data_analysis.Rmd’
    
    SUMMARY: processing the following file failed:
     ‘cycling_data_analysis.Rmd’
    
    Error: Vignette re-building failed.
    Execution halted
Flavors: r-release-macos-x86_64, r-oldrel-macos-x86_64