CRAN Package Check Results for Package cyclestreets

Last updated on 2020-09-22 06:47:21 CEST.

Flavor Version Tinstall Tcheck Ttotal Status Flags
r-devel-linux-x86_64-debian-clang 0.1.5 2.11 20.16 22.27 OK
r-devel-linux-x86_64-debian-gcc 0.1.5 0.22 1.88 2.10 ERROR
r-devel-linux-x86_64-fedora-clang 0.1.5 36.83 OK
r-devel-linux-x86_64-fedora-gcc 0.1.5 28.23 OK
r-devel-windows-ix86+x86_64 0.1.5 5.00 28.00 33.00 OK
r-patched-linux-x86_64 0.1.5 1.90 20.25 22.15 OK
r-patched-solaris-x86 0.1.5 44.70 OK
r-release-linux-x86_64 0.1.5 2.14 20.52 22.66 OK
r-release-macos-x86_64 0.1.5 OK
r-release-windows-ix86+x86_64 0.1.5 5.00 31.00 36.00 OK
r-oldrel-macos-x86_64 0.1.5 OK
r-oldrel-windows-ix86+x86_64 0.1.5 3.00 26.00 29.00 OK

Check Details

Version: 0.1.5
Check: whether package can be installed
Result: ERROR
    Installation failed.
Flavor: r-devel-linux-x86_64-debian-gcc