CRAN Package Check Results for Package d3heatmap

Last updated on 2019-05-25 13:46:50 CEST.

Flavor Version Tinstall Tcheck Ttotal Status Flags
r-devel-linux-x86_64-debian-clang 0.6.1.2 2.75 30.46 33.21 OK
r-devel-linux-x86_64-debian-gcc 0.6.1.2 2.13 24.43 26.56 OK
r-devel-linux-x86_64-fedora-clang 0.6.1.2 39.84 OK
r-devel-linux-x86_64-fedora-gcc 0.6.1.2 38.17 OK
r-devel-windows-ix86+x86_64 0.6.1.2 6.00 47.00 53.00 OK
r-patched-linux-x86_64 0.6.1.2 OK
r-patched-solaris-x86 0.6.1.2 59.70 WARN
r-release-linux-x86_64 0.6.1.2 2.55 30.22 32.77 OK
r-release-windows-ix86+x86_64 0.6.1.2 11.00 61.00 72.00 OK
r-release-osx-x86_64 0.6.1.2 WARN
r-oldrel-windows-ix86+x86_64 0.6.1.2 6.00 44.00 50.00 OK
r-oldrel-osx-x86_64 0.6.1.2 WARN

Check Details

Version: 0.6.1.2
Check: re-building of vignette outputs
Result: WARN
    Error(s) in re-building vignettes:
     ...
    --- re-building ‘Introduction.Rmd’ using rmarkdown
    Warning in engine$weave(file, quiet = quiet, encoding = enc) :
     Pandoc (>= 1.12.3) and/or pandoc-citeproc not available. Falling back to R Markdown v1.
    Quitting from lines 27-38 (Introduction.Rmd)
    Error: processing vignette 'Introduction.Rmd' failed with diagnostics:
    there is no package called 'webshot'
    --- failed re-building ‘Introduction.Rmd’
    
    SUMMARY: processing the following file failed:
     ‘Introduction.Rmd’
    
    Error: Vignette re-building failed.
    Execution halted
Flavor: r-patched-solaris-x86

Version: 0.6.1.2
Check: re-building of vignette outputs
Result: WARN
    Error(s) in re-building vignettes:
     ...
    --- re-building ‘Introduction.Rmd’ using rmarkdown
    Warning in engine$weave(file, quiet = quiet, encoding = enc) :
     Pandoc (>= 1.12.3) and/or pandoc-citeproc not available. Falling back to R Markdown v1.
    Quitting from lines 27-38 (Introduction.Rmd)
    Error: processing vignette 'Introduction.Rmd' failed with diagnostics:
    cannot open the connection
    --- failed re-building ‘Introduction.Rmd’
    
    SUMMARY: processing the following file failed:
     ‘Introduction.Rmd’
    
    Error: Vignette re-building failed.
    Execution halted
Flavor: r-release-osx-x86_64

Version: 0.6.1.2
Check: re-building of vignette outputs
Result: WARN
    Error in re-building vignettes:
     ...
    Warning in engine$weave(file, quiet = quiet, encoding = enc) :
     Pandoc (>= 1.12.3) and/or pandoc-citeproc not available. Falling back to R Markdown v1.
    Quitting from lines 27-38 (Introduction.Rmd)
    Error: processing vignette 'Introduction.Rmd' failed with diagnostics:
    cannot open the connection
    Execution halted
Flavor: r-oldrel-osx-x86_64