CRAN Package Check Results for Package d3plus

Last updated on 2024-07-18 21:48:10 CEST.

Flavor Version Tinstall Tcheck Ttotal Status Flags
r-devel-linux-x86_64-debian-clang 0.1.0 3.19 27.91 31.10 NOTE
r-devel-linux-x86_64-debian-gcc 0.1.0 2.27 21.71 23.98 NOTE
r-devel-linux-x86_64-fedora-clang 0.1.0 39.69 NOTE
r-devel-linux-x86_64-fedora-gcc 0.1.0 37.84 NOTE
r-devel-windows-x86_64 0.1.0 5.00 44.00 49.00 NOTE
r-patched-linux-x86_64 0.1.0 3.01 27.53 30.54 NOTE
r-release-linux-x86_64 0.1.0 3.14 26.78 29.92 NOTE
r-release-macos-arm64 0.1.0 18.00 NOTE
r-release-macos-x86_64 0.1.0 24.00 NOTE
r-release-windows-x86_64 0.1.0 5.00 45.00 50.00 NOTE
r-oldrel-macos-arm64 0.1.0 18.00 NOTE
r-oldrel-macos-x86_64 0.1.0 23.00 NOTE
r-oldrel-windows-x86_64 0.1.0 6.00 45.00 51.00 NOTE

Check Details

Version: 0.1.0
Check: LazyData
Result: NOTE 'LazyData' is specified without a 'data' directory Flavors: r-devel-linux-x86_64-debian-clang, r-devel-linux-x86_64-debian-gcc, r-devel-linux-x86_64-fedora-clang, r-devel-linux-x86_64-fedora-gcc, r-devel-windows-x86_64, r-patched-linux-x86_64, r-release-linux-x86_64, r-release-macos-arm64, r-release-macos-x86_64, r-release-windows-x86_64, r-oldrel-macos-arm64, r-oldrel-macos-x86_64, r-oldrel-windows-x86_64