CRAN Package Check Results for Package d3plus

Last updated on 2023-09-30 00:56:03 CEST.

Flavor Version Tinstall Tcheck Ttotal Status Flags
r-devel-linux-x86_64-debian-clang 0.1.0 2.36 26.19 28.55 NOTE
r-devel-linux-x86_64-debian-gcc 0.1.0 2.74 21.98 24.72 NOTE
r-devel-linux-x86_64-fedora-clang 0.1.0 38.23 NOTE
r-devel-linux-x86_64-fedora-gcc 0.1.0 39.21 NOTE
r-devel-windows-x86_64 0.1.0 6.00 46.00 52.00 NOTE
r-patched-linux-x86_64 0.1.0 2.27 27.38 29.65 NOTE
r-release-linux-x86_64 0.1.0 2.84 26.83 29.67 NOTE
r-release-macos-arm64 0.1.0 18.00 NOTE
r-release-macos-x86_64 0.1.0 23.00 NOTE
r-release-windows-x86_64 0.1.0 6.00 45.00 51.00 NOTE
r-oldrel-macos-arm64 0.1.0 15.00 NOTE
r-oldrel-macos-x86_64 0.1.0 22.00 NOTE
r-oldrel-windows-x86_64 0.1.0 6.00 47.00 53.00 NOTE

Check Details

Version: 0.1.0
Check: LazyData
Result: NOTE
     'LazyData' is specified without a 'data' directory
Flavors: r-devel-linux-x86_64-debian-clang, r-devel-linux-x86_64-debian-gcc, r-devel-linux-x86_64-fedora-clang, r-devel-linux-x86_64-fedora-gcc, r-devel-windows-x86_64, r-patched-linux-x86_64, r-release-linux-x86_64, r-release-macos-arm64, r-release-macos-x86_64, r-release-windows-x86_64, r-oldrel-macos-arm64, r-oldrel-macos-x86_64, r-oldrel-windows-x86_64