Last updated on 2021-04-12 02:47:39 CEST.
Flavor | Version | Tinstall | Tcheck | Ttotal | Status | Flags |
---|---|---|---|---|---|---|
r-devel-linux-x86_64-debian-clang | 1.2 | 24.34 | 214.05 | 238.39 | NOTE | |
r-devel-linux-x86_64-debian-gcc | 1.2 | 19.32 | 152.90 | 172.22 | NOTE | |
r-devel-linux-x86_64-fedora-clang | 1.2 | 285.66 | NOTE | |||
r-devel-linux-x86_64-fedora-gcc | 1.2 | 286.66 | NOTE | |||
r-devel-windows-ix86+x86_64 | 1.2 | 55.00 | 223.00 | 278.00 | NOTE | |
r-devel-windows-x86_64-gcc10-UCRT | 1.2 | NOTE | ||||
r-patched-linux-x86_64 | 1.2 | 21.54 | 161.46 | 183.00 | OK | |
r-patched-solaris-x86 | 1.2 | 334.20 | OK | |||
r-release-linux-x86_64 | 1.2 | 18.44 | 160.90 | 179.34 | OK | |
r-release-macos-x86_64 | 1.2 | ERROR | ||||
r-release-windows-ix86+x86_64 | 1.2 | 35.00 | 148.00 | 183.00 | OK | |
r-oldrel-macos-x86_64 | 1.2 | ERROR | ||||
r-oldrel-windows-ix86+x86_64 | 1.2 | 51.00 | 207.00 | 258.00 | OK |
Version: 1.2
Check: LazyData
Result: NOTE
'LazyData' is specified without a 'data' directory
Flavors: r-devel-linux-x86_64-debian-clang, r-devel-linux-x86_64-debian-gcc, r-devel-linux-x86_64-fedora-clang, r-devel-linux-x86_64-fedora-gcc, r-devel-windows-ix86+x86_64, r-devel-windows-x86_64-gcc10-UCRT
Version: 1.2
Check: package dependencies
Result: ERROR
Package required but not available: ‘ALL’
See section ‘The DESCRIPTION file’ in the ‘Writing R Extensions’
manual.
Flavors: r-release-macos-x86_64, r-oldrel-macos-x86_64