CRAN Package Check Results for Package dSVA

Last updated on 2019-06-17 10:48:10 CEST.

Flavor Version Tinstall Tcheck Ttotal Status Flags
r-devel-linux-x86_64-debian-clang 1.0 16.67 152.91 169.58 OK
r-devel-linux-x86_64-debian-gcc 1.0 16.32 125.19 141.51 OK
r-devel-linux-x86_64-fedora-clang 1.0 203.92 OK
r-devel-linux-x86_64-fedora-gcc 1.0 201.55 OK
r-devel-windows-ix86+x86_64 1.0 34.00 156.00 190.00 OK
r-patched-linux-x86_64 1.0 17.03 153.46 170.49 OK
r-patched-solaris-x86 1.0 335.80 OK
r-release-linux-x86_64 1.0 16.40 153.77 170.17 OK
r-release-windows-ix86+x86_64 1.0 30.00 218.00 248.00 OK
r-release-osx-x86_64 1.0 ERROR
r-oldrel-windows-ix86+x86_64 1.0 18.00 149.00 167.00 OK
r-oldrel-osx-x86_64 1.0 OK

Check Details

Version: 1.0
Check: package dependencies
Result: ERROR
    Package required but not available: ‘sva’
    
    See section ‘The DESCRIPTION file’ in the ‘Writing R Extensions’
    manual.
Flavor: r-release-osx-x86_64