Last updated on 2023-02-07 08:56:58 CET.
Flavor | Version | Tinstall | Tcheck | Ttotal | Status | Flags |
---|---|---|---|---|---|---|
r-devel-linux-x86_64-debian-clang | 2.0 | 10.67 | 85.27 | 95.94 | OK | |
r-devel-linux-x86_64-debian-gcc | 2.0 | 8.74 | 65.68 | 74.42 | OK | |
r-devel-linux-x86_64-fedora-clang | 2.0 | 120.52 | NOTE | |||
r-devel-linux-x86_64-fedora-gcc | 2.0 | 117.41 | NOTE | |||
r-devel-windows-x86_64 | 2.0 | 19.00 | 107.00 | 126.00 | OK | |
r-patched-linux-x86_64 | 2.0 | 9.40 | 83.62 | 93.02 | OK | |
r-release-linux-x86_64 | 2.0 | 8.27 | 83.41 | 91.68 | OK | |
r-release-macos-arm64 | 2.0 | 49.00 | NOTE | |||
r-release-macos-x86_64 | 2.0 | 87.00 | NOTE | |||
r-release-windows-x86_64 | 2.0 | 20.00 | 115.00 | 135.00 | OK | |
r-oldrel-macos-arm64 | 2.0 | 48.00 | NOTE | |||
r-oldrel-macos-x86_64 | 2.0 | 66.00 | NOTE | |||
r-oldrel-windows-ix86+x86_64 | 2.0 | 23.00 | 106.00 | 129.00 | OK |
Version: 2.0
Check: data for non-ASCII characters
Result: NOTE
Note: found 281 marked UTF-8 strings
Flavors: r-devel-linux-x86_64-fedora-clang, r-devel-linux-x86_64-fedora-gcc, r-release-macos-arm64, r-release-macos-x86_64, r-oldrel-macos-arm64, r-oldrel-macos-x86_64