CRAN Package Check Results for Package dadjoke

Last updated on 2021-05-15 18:49:29 CEST.

Flavor Version Tinstall Tcheck Ttotal Status Flags
r-devel-linux-x86_64-debian-clang 1.0 1.35 18.66 20.01 NOTE
r-devel-linux-x86_64-debian-gcc 1.0 1.34 15.19 16.53 NOTE
r-devel-linux-x86_64-fedora-clang 1.0 36.69 NOTE
r-devel-linux-x86_64-fedora-gcc 1.0 24.36 NOTE
r-devel-windows-ix86+x86_64 1.0 4.00 25.00 29.00 NOTE
r-devel-windows-x86_64-gcc10-UCRT 1.0 NOTE
r-patched-linux-x86_64 1.0 1.71 18.73 20.44 NOTE
r-patched-solaris-x86 1.0 39.80 NOTE
r-release-linux-x86_64 1.0 1.43 18.49 19.92 OK
r-release-macos-x86_64 1.0 OK
r-release-windows-ix86+x86_64 1.0 4.00 24.00 28.00 OK
r-oldrel-macos-x86_64 1.0 OK
r-oldrel-windows-ix86+x86_64 1.0 3.00 32.00 35.00 OK

Check Details

Version: 1.0
Check: LazyData
Result: NOTE
     'LazyData' is specified without a 'data' directory
Flavors: r-devel-linux-x86_64-debian-clang, r-devel-linux-x86_64-debian-gcc, r-devel-linux-x86_64-fedora-clang, r-devel-linux-x86_64-fedora-gcc, r-devel-windows-ix86+x86_64, r-devel-windows-x86_64-gcc10-UCRT, r-patched-linux-x86_64, r-patched-solaris-x86