CRAN Package Check Results for Package dadjoke

Last updated on 2024-05-26 22:48:59 CEST.

Flavor Version Tinstall Tcheck Ttotal Status Flags
r-devel-linux-x86_64-debian-clang 1.0 1.33 19.04 20.37 NOTE
r-devel-linux-x86_64-debian-gcc 1.0 1.54 15.07 16.61 NOTE
r-devel-linux-x86_64-fedora-clang 1.0 28.21 NOTE
r-devel-linux-x86_64-fedora-gcc 1.0 25.32 NOTE
r-devel-windows-x86_64 1.0 3.00 32.00 35.00 NOTE
r-patched-linux-x86_64 1.0 1.75 18.31 20.06 NOTE
r-release-linux-x86_64 1.0 1.78 18.76 20.54 NOTE
r-release-macos-arm64 1.0 13.00 NOTE
r-release-windows-x86_64 1.0 3.00 32.00 35.00 NOTE
r-oldrel-macos-arm64 1.0 14.00 NOTE
r-oldrel-macos-x86_64 1.0 17.00 NOTE
r-oldrel-windows-x86_64 1.0 4.00 32.00 36.00 NOTE

Check Details

Version: 1.0
Check: LazyData
Result: NOTE 'LazyData' is specified without a 'data' directory Flavors: r-devel-linux-x86_64-debian-clang, r-devel-linux-x86_64-debian-gcc, r-devel-linux-x86_64-fedora-clang, r-devel-linux-x86_64-fedora-gcc, r-devel-windows-x86_64, r-patched-linux-x86_64, r-release-linux-x86_64, r-release-macos-arm64, r-release-windows-x86_64, r-oldrel-macos-arm64, r-oldrel-macos-x86_64, r-oldrel-windows-x86_64