CRAN Package Check Results for Package dados

Last updated on 2022-08-13 14:53:07 CEST.

Flavor Version Tinstall Tcheck Ttotal Status Flags
r-devel-linux-x86_64-debian-clang 0.1.0 6.37 110.17 116.54 OK
r-devel-linux-x86_64-debian-gcc 0.1.0 5.42 84.54 89.96 OK
r-devel-linux-x86_64-fedora-clang 0.1.0 151.49 NOTE
r-devel-linux-x86_64-fedora-gcc 0.1.0 152.25 NOTE
r-devel-windows-x86_64 0.1.0 42.00 140.00 182.00 OK
r-patched-linux-x86_64 0.1.0 6.80 104.83 111.63 OK
r-release-linux-x86_64 0.1.0 5.44 107.37 112.81 OK
r-release-macos-arm64 0.1.0 51.00 NOTE
r-release-macos-x86_64 0.1.0 96.00 NOTE
r-release-windows-x86_64 0.1.0 44.00 140.00 184.00 OK
r-oldrel-macos-arm64 0.1.0 57.00 NOTE
r-oldrel-macos-x86_64 0.1.0 61.00 NOTE
r-oldrel-windows-ix86+x86_64 0.1.0 18.00 134.00 152.00 OK

Check Details

Version: 0.1.0
Check: data for non-ASCII characters
Result: NOTE
     Note: found 109157 marked UTF-8 strings
Flavors: r-devel-linux-x86_64-fedora-clang, r-devel-linux-x86_64-fedora-gcc, r-release-macos-arm64, r-release-macos-x86_64, r-oldrel-macos-arm64, r-oldrel-macos-x86_64