CRAN Package Check Results for Package dae

Last updated on 2018-12-17 01:46:23 CET.

Flavor Version Tinstall Tcheck Ttotal Status Flags
r-devel-linux-x86_64-debian-clang 3.0-23 7.85 4.03 11.88 ERROR
r-devel-linux-x86_64-debian-gcc 3.0-23 6.24 2.40 8.64 ERROR
r-devel-linux-x86_64-fedora-clang 3.0-23 104.32 OK
r-devel-linux-x86_64-fedora-gcc 3.0-23 99.90 OK
r-devel-windows-ix86+x86_64 3.0-23 20.00 113.00 133.00 OK
r-patched-linux-x86_64 3.0-23 8.13 75.25 83.38 OK
r-patched-solaris-x86 3.0-23 122.10 OK
r-release-linux-x86_64 3.0-23 9.45 75.79 85.24 OK
r-release-windows-ix86+x86_64 3.0-23 20.00 118.00 138.00 OK
r-release-osx-x86_64 3.0-23 OK
r-oldrel-windows-ix86+x86_64 3.0-23 18.00 122.00 140.00 OK
r-oldrel-osx-x86_64 3.0-23 OK

Check Details

Version: 3.0-23
Check: whether the package can be loaded
Result: ERROR
    Loading this package had a fatal error status code 1
    Loading log:
    Loading required package: ggplot2
    Error: package or namespace load failed for ‘ggplot2’ in dyn.load(file, DLLpath = DLLpath, ...):
     unable to load shared object ‘/home/hornik/tmp/R.check/r-devel-clang/Work/build/Packages/Rcpp/libs/Rcpp.so’:
     /home/hornik/tmp/R.check/r-devel-clang/Work/build/Packages/Rcpp/libs/Rcpp.so: failed to map segment from shared object
    Error: package ‘ggplot2’ could not be loaded
    Execution halted
Flavor: r-devel-linux-x86_64-debian-clang

Version: 3.0-23
Check: whether the package can be loaded
Result: ERROR
    Loading this package had a fatal error status code 1
    Loading log:
    Loading required package: ggplot2
    Error: package or namespace load failed for ‘ggplot2’ in dyn.load(file, DLLpath = DLLpath, ...):
     unable to load shared object ‘/home/hornik/tmp/R.check/r-devel-gcc/Work/build/Packages/Rcpp/libs/Rcpp.so’:
     /home/hornik/tmp/R.check/r-devel-gcc/Work/build/Packages/Rcpp/libs/Rcpp.so: failed to map segment from shared object
    Error: package ‘ggplot2’ could not be loaded
    Execution halted
Flavor: r-devel-linux-x86_64-debian-gcc