CRAN Package Check Results for Package dae

Last updated on 2018-09-24 09:54:22 CEST.

Flavor Version Tinstall Tcheck Ttotal Status Flags
r-devel-linux-x86_64-debian-clang 3.0-16 8.11 81.55 89.66 OK
r-devel-linux-x86_64-debian-gcc 3.0-16 6.48 64.32 70.80 OK
r-devel-linux-x86_64-fedora-clang 3.0-16 104.12 OK
r-devel-linux-x86_64-fedora-gcc 3.0-16 100.75 OK
r-devel-windows-ix86+x86_64 3.0-16 24.00 120.00 144.00 OK
r-patched-linux-x86_64 3.0-16 7.15 74.41 81.56 OK
r-patched-solaris-x86 3.0-16 120.70 OK
r-release-linux-x86_64 3.0-16 7.09 74.94 82.03 OK
r-release-windows-ix86+x86_64 3.0-16 24.00 120.00 144.00 OK
r-release-osx-x86_64 3.0-16 OK
r-oldrel-windows-ix86+x86_64 3.0-12 13.00 78.00 91.00 OK
r-oldrel-osx-x86_64 3.0-16 ERROR

Check Details

Version: 3.0-16
Check: whether package can be installed
Result: ERROR
    Installation failed.
Flavor: r-oldrel-osx-x86_64