CRAN Package Check Results for Package daewr

Last updated on 2021-09-19 21:48:53 CEST.

Flavor Version Tinstall Tcheck Ttotal Status Flags
r-devel-linux-x86_64-debian-clang 1.2-7 14.41 81.08 95.49 OK
r-devel-linux-x86_64-debian-gcc 1.2-7 10.85 60.06 70.91 OK
r-devel-linux-x86_64-fedora-clang 1.2-7 122.13 OK
r-devel-linux-x86_64-fedora-gcc 1.2-7 119.51 OK
r-devel-windows-x86_64 1.2-7 18.00 84.00 102.00 OK
r-devel-windows-x86_64-gcc10-UCRT 1.2-7 ERROR
r-patched-linux-x86_64 1.2-7 14.69 77.38 92.07 OK
r-patched-solaris-x86 1.2-7 149.50 OK
r-release-linux-x86_64 1.2-7 12.89 77.10 89.99 OK
r-release-macos-arm64 1.2-7 OK
r-release-macos-x86_64 1.2-7 OK
r-release-windows-ix86+x86_64 1.2-7 25.00 102.00 127.00 OK
r-oldrel-macos-x86_64 1.2-7 OK
r-oldrel-windows-ix86+x86_64 1.2-7 25.00 91.00 116.00 OK

Check Details

Version: 1.2-7
Check: whether package can be installed
Result: WARN
    Found the following significant warnings:
     WARNING: installation-time patches will not be applied, could not get the patches index
Flavor: r-devel-windows-x86_64-gcc10-UCRT

Version: 1.2-7
Check: PDF version of manual
Result: WARN
    LaTeX errors when creating PDF version.
    This typically indicates Rd problems.
Flavor: r-devel-windows-x86_64-gcc10-UCRT

Version: 1.2-7
Check: PDF version of manual without hyperrefs or index
Result: ERROR
    Re-running with no redirection of stdout/stderr.
Flavor: r-devel-windows-x86_64-gcc10-UCRT