Last updated on 2023-12-04 13:50:46 CET.
Flavor | Version | Tinstall | Tcheck | Ttotal | Status | Flags |
---|---|---|---|---|---|---|
r-devel-linux-x86_64-debian-clang | 1.0.0 | 8.21 | 71.57 | 79.78 | OK | |
r-devel-linux-x86_64-debian-gcc | 1.0.0 | 5.11 | 54.87 | 59.98 | OK | |
r-devel-linux-x86_64-fedora-clang | 1.0.0 | 99.46 | NOTE | |||
r-devel-linux-x86_64-fedora-gcc | 1.0.0 | 104.62 | NOTE | |||
r-devel-windows-x86_64 | 1.0.0 | 10.00 | 78.00 | 88.00 | OK | |
r-patched-linux-x86_64 | 1.0.0 | 5.67 | 69.04 | 74.71 | OK | |
r-release-linux-x86_64 | 1.0.0 | 5.52 | 69.07 | 74.59 | OK | |
r-release-macos-arm64 | 1.0.0 | 42.00 | OK | |||
r-release-macos-x86_64 | 1.0.0 | 63.00 | OK | |||
r-release-windows-x86_64 | 1.0.0 | 11.00 | 87.00 | 98.00 | OK | |
r-oldrel-macos-arm64 | 1.0.0 | 42.00 | NOTE | |||
r-oldrel-macos-x86_64 | 1.0.0 | 51.00 | NOTE | |||
r-oldrel-windows-x86_64 | 1.0.0 | 12.00 | 90.00 | 102.00 | OK |
Version: 1.0.0
Check: data for non-ASCII characters
Result: NOTE
Note: found 2020 marked UTF-8 strings
Flavors: r-devel-linux-x86_64-fedora-clang, r-devel-linux-x86_64-fedora-gcc, r-oldrel-macos-arm64, r-oldrel-macos-x86_64